000
CDHW40 PHFO 031245
CLIHNL


CLIMATE REPORT
NATIONAL WEATHER SERVICE HONOLULU HI
245 AM HST SUN MAY 3 2015


...................................

...THE HONOLULU HI CLIMATE SUMMARY FOR MAY 2 2015...

CLIMATE NORMAL PERIOD 1981 TO 2010
CLIMATE RECORD PERIOD 1946 TO 2015


WEATHER ITEM   OBSERVED TIME   RECORD YEAR NORMAL DEPARTURE LAST
                VALUE   (LST)  VALUE       VALUE  FROM      YEAR
                                                  NORMAL
..................................................................
TEMPERATURE (F)
 YESTERDAY
  MAXIMUM         80    244 PM  89    1978  84     -4       80
  MINIMUM         67    556 AM  60    2006  70     -3       73
                                      1989
  AVERAGE         74                        77     -3       77

PRECIPITATION (IN)
  YESTERDAY        0.00          3.44 1965   0.03  -0.03      T
  MONTH TO DATE    T                         0.05  -0.05      T
  SINCE MAR 1      0.99                      2.70  -1.71     2.94
  SINCE JAN 1      2.79                      7.00  -4.21     6.62

SNOWFALL (IN)
  YESTERDAY        0.0
  MONTH TO DATE    0.0
  SINCE MAR 1      0.0
  SINCE JUL 1      0.0
  SNOW DEPTH       0

DEGREE DAYS
 HEATING
  YESTERDAY        0                         0      0        0
  MONTH TO DATE    0                         0      0        0
  SINCE MAR 1      0                         0      0        0
  SINCE JUL 1      0                         0      0        0

 COOLING
  YESTERDAY        9                        12     -3       12
  MONTH TO DATE   17                        24     -7       24
  SINCE MAR 1    633                       649    -16      699
  SINCE JAN 1   1143                      1131     12     1218
..................................................................


WIND (MPH)
  HIGHEST WIND SPEED    24   HIGHEST WIND DIRECTION     E (70)
  HIGHEST GUST SPEED    30   HIGHEST GUST DIRECTION     E (70)
  AVERAGE WIND SPEED    13.6


SKY COVER
  POSSIBLE SUNSHINE  MM
  AVERAGE SKY COVER 0.4


WEATHER CONDITIONS
 THE FOLLOWING WEATHER WAS RECORDED YESTERDAY.
  NO SIGNIFICANT WEATHER WAS OBSERVED.


RELATIVE HUMIDITY (PERCENT)
 HIGHEST    87           600 AM
 LOWEST     54           400 PM
 AVERAGE    71

..........................................................


THE HONOLULU HI CLIMATE NORMALS FOR TODAY
                         NORMAL    RECORD    YEAR
 MAXIMUM TEMPERATURE (F)   84        87      2004
                                             2003
                                             1995
 MINIMUM TEMPERATURE (F)   70        60      1989


SUNRISE AND SUNSET
MAY  3 2015...........SUNRISE   600 AM HST   SUNSET   658 PM HST
MAY  4 2015...........SUNRISE   559 AM HST   SUNSET   658 PM HST


-  INDICATES NEGATIVE NUMBERS.
R  INDICATES RECORD WAS SET OR TIED.
MM INDICATES DATA IS MISSING.
T  INDICATES TRACE AMOUNT.




$$
