000
CDUS45 KPIH 280732
CLIIDA


CLIMATE REPORT
NATIONAL WEATHER SERVICE POCATELLO ID
130 AM MDT TUE APR 28 2015


...................................

...THE IDAHO FALLS ID CLIMATE SUMMARY FOR APRIL 27 2015...

CLIMATE NORMAL PERIOD 1981 TO 2010
CLIMATE RECORD PERIOD 1948 TO 2015


WEATHER ITEM   OBSERVED TIME   RECORD YEAR NORMAL DEPARTURE LAST
                VALUE   (LST)  VALUE       VALUE  FROM      YEAR
                                                  NORMAL
..................................................................
TEMPERATURE (F)
 YESTERDAY
  MAXIMUM         61    624 PM  82    1987  61      0       52
  MINIMUM         28    513 AM  15    1976  34     -6       33
  AVERAGE         45                        48     -3       43

PRECIPITATION (IN)
  YESTERDAY        0.00          0.71 1975   0.05  -0.05     0.05
  MONTH TO DATE    0.38                      0.99  -0.61     0.97
  SINCE OCT 1      2.36                      5.77  -3.41     4.56
  SINCE JAN 1      0.90                      3.20  -2.30     3.26

SNOWFALL (IN)
  YESTERDAY       MM
  MONTH TO DATE   MM
  SINCE MAR 1     MM
  SINCE JUL 1     MM
  SNOW DEPTH      MM

DEGREE DAYS
 HEATING
  YESTERDAY       20                        17      3       22
  MONTH TO DATE  546                       559    -13      531
  SINCE MAR 1   1238                      1461   -223     1323
  SINCE JUL 1   6056                      7263  -1207     6840

 COOLING
  YESTERDAY        0                         0      0        0
  MONTH TO DATE    0                         0      0        0
  SINCE MAR 1      0                         0      0        0
  SINCE JAN 1      0                         0      0        0
..................................................................


WIND (MPH)
  HIGHEST WIND SPEED    12   HIGHEST WIND DIRECTION    NE (30)
  HIGHEST GUST SPEED    16   HIGHEST GUST DIRECTION     N (360)
  AVERAGE WIND SPEED     3.9


SKY COVER
  POSSIBLE SUNSHINE  MM
  AVERAGE SKY COVER 0.1


WEATHER CONDITIONS
 THE FOLLOWING WEATHER WAS RECORDED YESTERDAY.
  FOG


RELATIVE HUMIDITY (PERCENT)
 HIGHEST    92           400 AM
 LOWEST     20           500 PM
 AVERAGE    56

..........................................................


THE IDAHO FALLS ID CLIMATE NORMALS FOR TODAY
                         NORMAL    RECORD    YEAR
 MAXIMUM TEMPERATURE (F)   62        81      1987
 MINIMUM TEMPERATURE (F)   34        18      1984


SUNRISE AND SUNSET
APRIL 28 2015.........SUNRISE   626 AM MDT   SUNSET   827 PM MDT
APRIL 29 2015.........SUNRISE   624 AM MDT   SUNSET   828 PM MDT


-  INDICATES NEGATIVE NUMBERS.
R  INDICATES RECORD WAS SET OR TIED.
MM INDICATES DATA IS MISSING.
T  INDICATES TRACE AMOUNT.




$$
