000
CDUS41 KPHI 012137
CLIILG


CLIMATE REPORT
NATIONAL WEATHER SERVICE MOUNT HOLLY NJ
537 PM EDT WED APR 1 2015


...................................

...THE WILMINGTON DE CLIMATE SUMMARY FOR APRIL 1 2015...
VALID TODAY AS OF 0500 PM LOCAL TIME.

CLIMATE NORMAL PERIOD 1981 TO 2010
CLIMATE RECORD PERIOD 1894 TO 2015


WEATHER ITEM   OBSERVED TIME   RECORD YEAR NORMAL DEPARTURE LAST
                VALUE   (LST)  VALUE       VALUE  FROM      YEAR
                                                  NORMAL
..................................................................
TEMPERATURE (F)
 TODAY
  MAXIMUM         56    359 PM  81    1978  58     -2       59
                                      1917
  MINIMUM         30    537 AM  11    1923  39     -9       35
  AVERAGE         43                        48     -5       47

PRECIPITATION (IN)
  TODAY            0.00          1.39 1948   0.13  -0.13     0.00
  MONTH TO DATE    0.00                      0.13  -0.13     0.00
  SINCE MAR 1      5.39                      4.05   1.34     3.82
  SINCE JAN 1     12.00                      9.74   2.26    12.40

SNOWFALL (IN)
  TODAY            0.0           0.0  1894   0.0    0.0      0.0
  MONTH TO DATE    0.0                       0.0    0.0      0.0
  SINCE MAR 1      8.6                       1.9    6.7      7.7
  SINCE JUL 1     23.4                      19.9    3.5     56.1
  SNOW DEPTH       0

DEGREE DAYS
 HEATING
  TODAY           22                        17      5       18
  MONTH TO DATE   22                        17      5       18
  SINCE MAR 1    856                       700    156      838
  SINCE JUL 1   4695                      4323    372     4693

 COOLING
  TODAY            0                         0      0        0
  MONTH TO DATE    0                         0      0        0
  SINCE MAR 1      0                         1     -1        0
  SINCE JAN 1      0                         1     -1        0
..................................................................


WIND (MPH)
  HIGHEST WIND SPEED    21   HIGHEST WIND DIRECTION    NW (300)
  HIGHEST GUST SPEED    28   HIGHEST GUST DIRECTION    NW (300)
  AVERAGE WIND SPEED    11.1


SKY COVER
  POSSIBLE SUNSHINE  MM
  AVERAGE SKY COVER 0.0


WEATHER CONDITIONS
 THE FOLLOWING WEATHER WAS RECORDED TODAY.
  NO SIGNIFICANT WEATHER WAS OBSERVED.


RELATIVE HUMIDITY (PERCENT)
 HIGHEST    82          1200 AM
 LOWEST     24           400 PM
 AVERAGE    53

..........................................................


THE WILMINGTON DE CLIMATE NORMALS FOR TOMORROW
                         NORMAL    RECORD    YEAR
 MAXIMUM TEMPERATURE (F)   59        83      1967
 MINIMUM TEMPERATURE (F)   39        20      1924


SUNRISE AND SUNSET
APRIL  1 2015.........SUNRISE   647 AM EDT   SUNSET   726 PM EDT
APRIL  2 2015.........SUNRISE   645 AM EDT   SUNSET   727 PM EDT


-  INDICATES NEGATIVE NUMBERS.
R  INDICATES RECORD WAS SET OR TIED.
MM INDICATES DATA IS MISSING.
T  INDICATES TRACE AMOUNT.




$$
