000
CDUS41 KCTP 050619
CLIIPT


CLIMATE REPORT
NATIONAL WEATHER SERVICE STATE COLLEGE PA
218 AM EDT TUE MAY 5 2015


...................................

...THE WILLIAMSPORT PA CLIMATE SUMMARY FOR MAY 4 2015...

CLIMATE NORMAL PERIOD 1981 TO 2010
CLIMATE RECORD PERIOD 1895 TO 2015


WEATHER ITEM   OBSERVED TIME   RECORD YEAR NORMAL DEPARTURE LAST
                VALUE   (LST)  VALUE       VALUE  FROM      YEAR
                                                  NORMAL
..................................................................
TEMPERATURE (F)
 YESTERDAY
  MAXIMUM         86    409 PM  93    1928  68     18       62
  MINIMUM         47    526 AM  30    2002  44      3       44
                                      1931
  AVERAGE         67                        56     11       53

PRECIPITATION (IN)
  YESTERDAY        0.00          1.39 1975   0.12  -0.12     0.01
  MONTH TO DATE    T                         0.44  -0.44     0.18
  SINCE MAR 1      6.56                      6.65  -0.09     5.94
  SINCE JAN 1      9.35                     11.69  -2.34     9.74

SNOWFALL (IN)
  YESTERDAY        0.0           T    1957   0.0    0.0      0.0
  MONTH TO DATE    0.0                       0.0    0.0      0.0
  SINCE MAR 1     11.4                       8.0    3.4      0.1
  SINCE JUL 1     44.4                      36.0    8.4     45.9
  SNOW DEPTH       0

DEGREE DAYS
 HEATING
  YESTERDAY        0                         9     -9       12
  MONTH TO DATE   15                        39    -24       44
  SINCE MAR 1   1439                      1327    112     1527
  SINCE JUL 1   6076                      5794    282     6359

 COOLING
  YESTERDAY        2                         0      2        0
  MONTH TO DATE    2                         0      2        0
  SINCE MAR 1      2                         5     -3        9
  SINCE JAN 1      2                         5     -3        9
..................................................................


WIND (MPH)
  HIGHEST WIND SPEED    23   HIGHEST WIND DIRECTION     W (260)
  HIGHEST GUST SPEED    31   HIGHEST GUST DIRECTION     W (270)
  AVERAGE WIND SPEED     4.8


SKY COVER
  POSSIBLE SUNSHINE  MM
  AVERAGE SKY COVER 0.3


WEATHER CONDITIONS
 THE FOLLOWING WEATHER WAS RECORDED YESTERDAY.
  NO SIGNIFICANT WEATHER WAS OBSERVED.


RELATIVE HUMIDITY (PERCENT)
 HIGHEST    80           600 AM
 LOWEST     19           200 PM
 AVERAGE    50

..........................................................


THE WILLIAMSPORT PA CLIMATE NORMALS FOR TODAY
                         NORMAL    RECORD    YEAR
 MAXIMUM TEMPERATURE (F)   68        94      1949
 MINIMUM TEMPERATURE (F)   45        28      1966


SUNRISE AND SUNSET
MAY  5 2015...........SUNRISE   600 AM EDT   SUNSET   809 PM EDT
MAY  6 2015...........SUNRISE   559 AM EDT   SUNSET   810 PM EDT


-  INDICATES NEGATIVE NUMBERS.
R  INDICATES RECORD WAS SET OR TIED.
MM INDICATES DATA IS MISSING.
T  INDICATES TRACE AMOUNT.




$$
