000
CDUS44 KJAN 180856
CLIJAN

CLIMATE REPORT
NATIONAL WEATHER SERVICE JACKSON MS
352 AM CDT SAT APR 18 2015

...................................

...THE JACKSON CLIMATE SUMMARY FOR APRIL 17 2015...

CLIMATE NORMAL PERIOD 1981 TO 2010
CLIMATE RECORD PERIOD 1896 TO 2015


WEATHER ITEM   OBSERVED TIME   RECORD YEAR NORMAL DEPARTURE LAST
                VALUE   (LST)  VALUE       VALUE  FROM      YEAR
                                                  NORMAL
..................................................................
TEMPERATURE (F)
 YESTERDAY
  MAXIMUM         80    142 PM  91    1925  76      4       68
                                      1901
  MINIMUM         63    124 AM  37    1951  52     11       41
                                      1905
                                      1897
  AVERAGE         72                        64      8       55

PRECIPITATION (IN)
  YESTERDAY        0.02          4.00 1900   0.16  -0.14     0.00
  MONTH TO DATE    2.19                      3.01  -0.82    10.41
  SINCE MAR 1      9.46                      8.05   1.41    16.06
  SINCE JAN 1     19.66                     17.78   1.88    23.11

SNOWFALL (IN)
  YESTERDAY        0.0           0.0    MM   0.0    0.0      0.0
  MONTH TO DATE    0.0                       0.0    0.0      0.0
  SINCE MAR 1      0.3                       0.1    0.2       T
  SINCE JUL 1      0.3                       0.8   -0.5      0.8

DEGREE DAYS
 HEATING
  YESTERDAY        0                         3     -3       10
  MONTH TO DATE   14                        80    -66      104
  SINCE MAR 1    209                       358   -149      447
  SINCE JUL 1   2335                      2350    -15     2713

 COOLING
  YESTERDAY        7                         3      4        0
  MONTH TO DATE  101                        36     65       33
  SINCE MAR 1    138                        63     75       37
  SINCE JAN 1    138                        73     65       43
..................................................................


WIND (MPH)
  HIGHEST WIND SPEED    17   HIGHEST WIND DIRECTION     N (340)
  HIGHEST GUST SPEED    22   HIGHEST GUST DIRECTION     N (340)
  AVERAGE WIND SPEED     4.8


SKY COVER
  POSSIBLE SUNSHINE  MM
  AVERAGE SKY COVER 0.7


WEATHER CONDITIONS
 THE FOLLOWING WEATHER WAS RECORDED YESTERDAY.
  LIGHT RAIN
  FOG


RELATIVE HUMIDITY (PERCENT)
 HIGHEST   100           100 AM
 LOWEST     60           500 PM
 AVERAGE    80

..........................................................


THE JACKSON CLIMATE NORMALS FOR TODAY
                         NORMAL    RECORD    YEAR
 MAXIMUM TEMPERATURE (F)   77        90      2006
 MINIMUM TEMPERATURE (F)   53        33      1997


SUNRISE AND SUNSET
APRIL 18 2015.........SUNRISE   628 AM CDT   SUNSET   732 PM CDT
APRIL 19 2015.........SUNRISE   627 AM CDT   SUNSET   733 PM CDT


-  INDICATES NEGATIVE NUMBERS.
R  INDICATES RECORD WAS SET OR TIED.
MM INDICATES DATA IS MISSING.
T  INDICATES TRACE AMOUNT.

&&

AT 4 AM:

THE PEARL RIVER STAGE AT JACKSON WAS 13.1 FEET. THE RIVER HAS RISEN
2.9 FEET OVER THE LAST 24 HOURS.

THE MISSISSIPPI RIVER STAGE AT VICKSBURG WAS 39.2 FEET. THE RIVER
HAS RISEN 0.5 FEET OVER THE LAST 24 HOURS.

$$
