000
CDUS42 KJAX 020531
CLIJAX


CLIMATE REPORT
NATIONAL WEATHER SERVICE JACKSONVILLE FL
131 AM EDT THU APR 2 2015


...................................

...THE JACKSONVILLE CLIMATE SUMMARY FOR APRIL 1 2015...

CLIMATE NORMAL PERIOD 1981 TO 2010
CLIMATE RECORD PERIOD 1871 TO 2015


WEATHER ITEM   OBSERVED TIME   RECORD YEAR NORMAL DEPARTURE LAST
                VALUE   (LST)  VALUE       VALUE  FROM      YEAR
                                                  NORMAL
..................................................................
TEMPERATURE (F)
 YESTERDAY
  MAXIMUM         84    408 PM  89    1974  77      7       82
  MINIMUM         58   1159 PM  34    1987  52      6       45
  AVERAGE         71                        64      7       64

PRECIPITATION (IN)
  YESTERDAY        0.05          2.24 1973   0.11  -0.06     0.00
  MONTH TO DATE    0.05                      0.11  -0.06     0.00
  SINCE MAR 1      2.34                      4.06  -1.72     4.65
  SINCE JAN 1      8.74                     10.55  -1.81    14.36

SNOWFALL (IN)
  YESTERDAY        0.0           0.0  2002   0.0    0.0      0.0
                                      2001
  MONTH TO DATE    0.0                       0.0    0.0      0.0
  SINCE MAR 1      0.0                       T      0.0      0.0
  SINCE JUL 1      T                         T      0.0      0.0
  SNOW DEPTH       0

DEGREE DAYS
 HEATING
  YESTERDAY        0                         3     -3        1
  MONTH TO DATE    0                         3     -3        1
  SINCE MAR 1     87                       159    -72      200
  SINCE JUL 1   1335                      1292     43     1277

 COOLING
  YESTERDAY        6                         2      4        0
  MONTH TO DATE    6                         2      4        0
  SINCE MAR 1    109                        56     53       28
  SINCE JAN 1    122                        85     37       58
..................................................................


WIND (MPH)
  HIGHEST WIND SPEED    22   HIGHEST WIND DIRECTION    NE (60)
  HIGHEST GUST SPEED    25   HIGHEST GUST DIRECTION     W (280)
  AVERAGE WIND SPEED     8.0


SKY COVER
  POSSIBLE SUNSHINE  MM
  AVERAGE SKY COVER 0.5


WEATHER CONDITIONS
 THE FOLLOWING WEATHER WAS RECORDED YESTERDAY.
  FOG


RELATIVE HUMIDITY (PERCENT)
 HIGHEST   100          1100 PM
 LOWEST     43           400 PM
 AVERAGE    72

..........................................................


THE JACKSONVILLE CLIMATE NORMALS FOR TODAY
                         NORMAL    RECORD    YEAR
 MAXIMUM TEMPERATURE (F)   77        90      2012
                                             1977
 MINIMUM TEMPERATURE (F)   52        36      1987


SUNRISE AND SUNSET
APRIL  2 2015.........SUNRISE   715 AM EDT   SUNSET   746 PM EDT
APRIL  3 2015.........SUNRISE   714 AM EDT   SUNSET   747 PM EDT


-  INDICATES NEGATIVE NUMBERS.
R  INDICATES RECORD WAS SET OR TIED.
MM INDICATES DATA IS MISSING.
T  INDICATES TRACE AMOUNT.




$$
