000
CDAK47 PAJK 271130
CLIJNU
AKZ025-272300-
CLIMATE REPORT
NATIONAL WEATHER SERVICE JUNEAU, AK
327 AM AKDT MON APR 27 2015


...................................

...THE JUNEAU CLIMATE SUMMARY FOR APRIL 26 2015...

CLIMATE NORMAL PERIOD 1981 TO 2010
CLIMATE RECORD PERIOD 1943 TO 2015


WEATHER ITEM   OBSERVED TIME   RECORD YEAR NORMAL DEPARTURE LAST
                VALUE   (LST)  VALUE       VALUE  FROM      YEAR
                                                  NORMAL
..................................................................
TEMPERATURE (F)
 YESTERDAY
  MAXIMUM         58    928 AM  74    2003  52      6       52
  MINIMUM         42    450 AM  22    1954  35      7       34
  AVERAGE         50                        44      6       43

PRECIPITATION (IN)
  YESTERDAY        0.07          1.36 2013   0.09  -0.02      T
  MONTH TO DATE    5.80                      2.55   3.25     2.38
  SINCE MAR 1     10.32                      6.33   3.99     5.83
  SINCE JAN 1     25.92                     15.81  10.11    17.96

SNOWFALL (IN)
  YESTERDAY        0.0           4.4  2013   0.1   -0.1      0.0
  MONTH TO DATE    T                         1.1   -1.1      0.3
  SINCE MAR 1      9.9                      12.7   -2.8      6.3
  SINCE JUL 1     48.6                      86.7  -38.1     97.1
  SNOW DEPTH       0

DEGREE DAYS
 HEATING
  YESTERDAY       15                        22     -7       22
  MONTH TO DATE  605                       644    -39      635
  SINCE MAR 1   1462                      1611   -149     1667
  SINCE JUL 1   6683                      7448   -765     7308

 COOLING
  YESTERDAY        0                         0      0        0
  MONTH TO DATE    0                         0      0        0
  SINCE MAR 1      0                         0      0        0
  SINCE JAN 1      0                         0      0        0
..................................................................


WIND (MPH)
  HIGHEST WIND SPEED    25   HIGHEST WIND DIRECTION     E (110)
  HIGHEST GUST SPEED    32   HIGHEST GUST DIRECTION    SE (120)
  AVERAGE WIND SPEED    12.7


SKY COVER
  POSSIBLE SUNSHINE  MM
  AVERAGE SKY COVER 1.0


WEATHER CONDITIONS
 THE FOLLOWING WEATHER WAS RECORDED YESTERDAY.
  LIGHT RAIN


RELATIVE HUMIDITY (PERCENT)
 HIGHEST    86           200 PM
 LOWEST     46           900 AM
 AVERAGE    66

..........................................................


THE JUNEAU CLIMATE NORMALS FOR TODAY
                         NORMAL    RECORD    YEAR
 MAXIMUM TEMPERATURE (F)   52        72      2005
                                             1995
 MINIMUM TEMPERATURE (F)   36        25      1954


SUNRISE AND SUNSET
APRIL 27 2015.........SUNRISE   515 AM AKDT  SUNSET   839 PM AKDT
APRIL 28 2015.........SUNRISE   512 AM AKDT  SUNSET   841 PM AKDT


-  INDICATES NEGATIVE NUMBERS.
R  INDICATES RECORD WAS SET OR TIED.
MM INDICATES DATA IS MISSING.
T  INDICATES TRACE AMOUNT.




$$


&&
----------------------------
AMOUNT OF DAYLIGHT TODAY  (HOUR:MIN)........15:24
GAIN/LOSS SINCE YESTERDAY (HOUR:MIN:SEC)....+0:04:52
