000
CDUS43 KIND 050540
CLILAF


CLIMATE REPORT
NATIONAL WEATHER SERVICE INDIANAPOLIS IN
140 AM EDT TUE MAY 5 2015


...................................

...THE LAFAYETTE IN CLIMATE SUMMARY FOR MAY 4 2015...

CLIMATE NORMAL PERIOD 1981 TO 2010
CLIMATE RECORD PERIOD 9999 TO 9999


WEATHER ITEM   OBSERVED TIME   NORMAL DEPARTURE LAST
                VALUE   (LST)  VALUE  FROM      YEAR
                                      NORMAL
......................................................
TEMPERATURE (F)
 YESTERDAY
  MAXIMUM         71    343 PM  69      2       63
  MINIMUM         57    920 AM  47     10       49
  AVERAGE         64            58      6       56

PRECIPITATION (IN)
  YESTERDAY        0.36          0.13   0.23      T
  MONTH TO DATE    0.36          0.51  -0.15      T
  SINCE MAR 1      3.44          6.72  -3.28     5.70
  SINCE JAN 1      5.17         10.34  -5.17     9.04

DEGREE DAYS
 HEATING
  YESTERDAY        1             8     -7        9
  MONTH TO DATE   22            33    -11       51
  SINCE MAR 1   1309          1189    120     1457
  SINCE JUL 1   6387          5523    864     6419

 COOLING
  YESTERDAY        0             1     -1        0
  MONTH TO DATE    0             4     -4        0
  SINCE MAR 1      2            17    -15        1
  SINCE JAN 1      2            17    -15        1
......................................................


WIND (MPH)
  HIGHEST WIND SPEED    16   HIGHEST WIND DIRECTION    NW (330)
  HIGHEST GUST SPEED    20   HIGHEST GUST DIRECTION     S (180)
  AVERAGE WIND SPEED     5.0


SKY COVER
  AVERAGE SKY COVER 0.5


WEATHER CONDITIONS
 THE FOLLOWING WEATHER WAS RECORDED YESTERDAY.
  THUNDERSTORM
  HEAVY RAIN
  RAIN
  LIGHT RAIN
  FOG
  FOG W/VISIBILITY <= 1/4 MILE


RELATIVE HUMIDITY (PERCENT)
 HIGHEST   100           900 PM
 LOWEST     52          1200 AM
 AVERAGE    76

..........................................................


THE LAFAYETTE IN CLIMATE NORMALS FOR TODAY
                         NORMAL
 MAXIMUM TEMPERATURE (F)   70
 MINIMUM TEMPERATURE (F)   47


SUNRISE AND SUNSET
MAY  5 2015...........SUNRISE   642 AM EDT   SUNSET   847 PM EDT
MAY  6 2015...........SUNRISE   641 AM EDT   SUNSET   848 PM EDT


-  INDICATES NEGATIVE NUMBERS.
R  INDICATES RECORD WAS SET OR TIED.
MM INDICATES DATA IS MISSING.
T  INDICATES TRACE AMOUNT.




$$
