000
CDUS43 KLBF 210932
CLILBF

CLIMATE REPORT
NATIONAL WEATHER SERVICE NORTH PLATTE
431 AM CDT TUE APR 21 2015


...................................

...THE NORTH PLATTE NE CLIMATE SUMMARY FOR APRIL 20 2015...

CLIMATE NORMAL PERIOD 1981 TO 2010
CLIMATE RECORD PERIOD 1874 TO 2015


WEATHER ITEM   OBSERVED TIME   RECORD YEAR NORMAL DEPARTURE LAST
                VALUE   (LST)  VALUE       VALUE  FROM      YEAR
                                                  NORMAL
..................................................................
TEMPERATURE (F)
 YESTERDAY
  MAXIMUM         57    412 PM  93    1902  64     -7       76
  MINIMUM         27    447 AM  17    1953  35     -8       35
  AVERAGE         42                        49     -7       56

PRECIPITATION (IN)
  YESTERDAY        0.00          3.54 1933   0.08  -0.08     0.04
  MONTH TO DATE    2.48                      1.38   1.10     0.18
  SINCE MAR 1      2.49                      2.43   0.06     0.97
  SINCE JAN 1      3.23                      3.27  -0.04     2.02

SNOWFALL (IN)
  YESTERDAY        0.0           2.0  1905   0.1   -0.1      0.0
  MONTH TO DATE    2.1                       2.7   -0.6      1.1
  SINCE MAR 1      2.4                       7.1   -4.7      7.4
  SINCE JUL 1     21.3                      28.0   -6.7     29.8
  SNOW DEPTH       0

DEGREE DAYS
 HEATING
  YESTERDAY       23                        16      7        9
  MONTH TO DATE  309                       383    -74      379
  SINCE MAR 1    968                      1220   -252     1253
  SINCE JUL 1   5857                      6248   -391     6444

 COOLING
  YESTERDAY        0                         0      0        0
  MONTH TO DATE    2                         0      2        0
  SINCE MAR 1      2                         0      2        0
  SINCE JAN 1      2                         0      2        0
..................................................................


WIND (MPH)
  HIGHEST WIND SPEED    28   HIGHEST WIND DIRECTION    NW (300)
  HIGHEST GUST SPEED    34   HIGHEST GUST DIRECTION    NW (310)
  AVERAGE WIND SPEED    11.6


SKY COVER
  POSSIBLE SUNSHINE  MM
  AVERAGE SKY COVER 0.2


WEATHER CONDITIONS
 THE FOLLOWING WEATHER WAS RECORDED YESTERDAY.
  NO SIGNIFICANT WEATHER WAS OBSERVED.


RELATIVE HUMIDITY (PERCENT)
 HIGHEST    85           100 AM
 LOWEST     26           200 PM
 AVERAGE    56

..........................................................


THE NORTH PLATTE NE CLIMATE NORMALS FOR TODAY
                         NORMAL    RECORD    YEAR
 MAXIMUM TEMPERATURE (F)   64        94      1980
 MINIMUM TEMPERATURE (F)   35        20      2000
                                             1907


SUNRISE AND SUNSET
APRIL 21 2015.........SUNRISE   655 AM CDT   SUNSET   829 PM CDT
APRIL 22 2015.........SUNRISE   653 AM CDT   SUNSET   830 PM CDT


-  INDICATES NEGATIVE NUMBERS.
R  INDICATES RECORD WAS SET OR TIED.
MM INDICATES DATA IS MISSING.
T  INDICATES TRACE AMOUNT.




$$
