000
CDUS44 KSHV 011245
CLILFK


CLIMATE REPORT
NATIONAL WEATHER SERVICE SHREVEPORT, LA
745 AM CDT WED APR 1 2015


...................................

...THE LUFKIN CLIMATE SUMMARY FOR MARCH 31 2015...

CLIMATE NORMAL PERIOD 1981 TO 2010
CLIMATE RECORD PERIOD 1906 TO 2015


WEATHER ITEM   OBSERVED TIME   RECORD YEAR NORMAL DEPARTURE LAST
                VALUE   (LST)  VALUE       VALUE  FROM      YEAR
                                                  NORMAL
..................................................................
TEMPERATURE (F)
 YESTERDAY
  MAXIMUM         86    321 PM  97    1946  75     11       82
  MINIMUM         65    350 AM  25    1987  51     14       48
  AVERAGE         76                        63     13       65

PRECIPITATION (IN)
  YESTERDAY        0.00          1.97 1933   0.12  -0.12     0.00
  MONTH TO DATE    6.17                      3.78   2.39     2.55
  SINCE DEC 1     17.04                     16.27   0.77     7.58
  SINCE JAN 1     14.99                     11.83   3.16     5.37

SNOWFALL (IN)
  YESTERDAY        0.0
  MONTH TO DATE    0.0
  SINCE MAR 1      0.0
  SINCE JUL 1      T
  SNOW DEPTH       0

DEGREE DAYS
 HEATING
  YESTERDAY        0                         4     -4        0
  MONTH TO DATE  162                       211    -49      250
  SINCE MAR 1    162                       210    -48      250
  SINCE JUL 1   1682                      1844   -162     2053

 COOLING
  YESTERDAY       11                         2      9        0
  MONTH TO DATE   59                        41     18       17
  SINCE MAR 1     59                        41     18       17
  SINCE JAN 1     65                        60      5       35
..................................................................


WIND (MPH)
  HIGHEST WIND SPEED    16   HIGHEST WIND DIRECTION     S (180)
  HIGHEST GUST SPEED    22   HIGHEST GUST DIRECTION     S (180)
  AVERAGE WIND SPEED     8.7


SKY COVER
  POSSIBLE SUNSHINE  MM
  AVERAGE SKY COVER 0.3


WEATHER CONDITIONS
 THE FOLLOWING WEATHER WAS RECORDED YESTERDAY.
  NO SIGNIFICANT WEATHER WAS OBSERVED.


RELATIVE HUMIDITY (PERCENT)
 HIGHEST    87           200 AM
 LOWEST     40           300 PM
 AVERAGE    64

..........................................................


THE LUFKIN CLIMATE NORMALS FOR TODAY
                         NORMAL    RECORD    YEAR
 MAXIMUM TEMPERATURE (F)   75        93      1936
 MINIMUM TEMPERATURE (F)   51        33      1931


SUNRISE AND SUNSET
APRIL  1 2015.........SUNRISE   708 AM CDT   SUNSET   738 PM CDT
APRIL  2 2015.........SUNRISE   707 AM CDT   SUNSET   739 PM CDT


-  INDICATES NEGATIVE NUMBERS.
R  INDICATES RECORD WAS SET OR TIED.
MM INDICATES DATA IS MISSING.
T  INDICATES TRACE AMOUNT.




$$
