000
CDUS44 KLZK 031311
CLILIT


CLIMATE REPORT
NATIONAL WEATHER SERVICE LITTLE ROCK AR
811 AM CDT SUN MAY 3 2015


...................................

...THE LITTLE ROCK ADAMS FIELD CLIMATE SUMMARY FOR MAY 2 2015...

CLIMATE NORMAL PERIOD 1981 TO 2010
CLIMATE RECORD PERIOD 1874 TO 2015


WEATHER ITEM   OBSERVED TIME   RECORD YEAR NORMAL DEPARTURE LAST
                VALUE   (LST)  VALUE       VALUE  FROM      YEAR
                                                  NORMAL
..................................................................
TEMPERATURE (F)
 YESTERDAY
  MAXIMUM         79    323 PM  92    1943  77      2       75
  MINIMUM         48    459 AM  40    1963  56     -8       44
                                      1909
  AVERAGE         64                        67     -3       60

PRECIPITATION (IN)
  YESTERDAY        0.00          4.12 1984   0.18  -0.18      T
  MONTH TO DATE    0.00                      0.36  -0.36      T
  SINCE MAR 1     13.53                     10.18   3.35    10.24
  SINCE JAN 1     20.34                     17.39   2.95    15.81

SNOWFALL (IN)
  YESTERDAY        0.0          MM      MM   0.0    0.0      0.0
  MONTH TO DATE    0.0                       0.0    0.0      0.0
  SINCE MAR 1      5.7                       0.4    5.3      2.2
  SINCE JUL 1     11.1                       3.5    7.6      6.2
  SNOW DEPTH       0

DEGREE DAYS
 HEATING
  YESTERDAY        1                         2     -1        5
  MONTH TO DATE    3                         4     -1       14
  SINCE MAR 1    475                       523    -48      652
  SINCE JUL 1   3121                      3036     85     3425

 COOLING
  YESTERDAY        0                         4     -4        0
  MONTH TO DATE    0                         7     -7        0
  SINCE MAR 1     90                        77     13       53
  SINCE JAN 1     90                        79     11       53
..................................................................


WIND (MPH)
  HIGHEST WIND SPEED    10   HIGHEST WIND DIRECTION     E (110)
  HIGHEST GUST SPEED    15   HIGHEST GUST DIRECTION    NE (40)
  AVERAGE WIND SPEED     3.4


SKY COVER
  POSSIBLE SUNSHINE  MM
  AVERAGE SKY COVER 0.6


WEATHER CONDITIONS
 THE FOLLOWING WEATHER WAS RECORDED YESTERDAY.
  NO SIGNIFICANT WEATHER WAS OBSERVED.


RELATIVE HUMIDITY (PERCENT)
 HIGHEST    80           200 AM
 LOWEST     26           100 PM
 AVERAGE    53

..........................................................


THE LITTLE ROCK ADAMS FIELD CLIMATE NORMALS FOR TODAY
                         NORMAL    RECORD    YEAR
 MAXIMUM TEMPERATURE (F)   78        92      1952
 MINIMUM TEMPERATURE (F)   57        38      2013


SUNRISE AND SUNSET
MAY  3 2015...........SUNRISE   617 AM CDT   SUNSET   755 PM CDT
MAY  4 2015...........SUNRISE   616 AM CDT   SUNSET   756 PM CDT


-  INDICATES NEGATIVE NUMBERS.
R  INDICATES RECORD WAS SET OR TIED.
MM INDICATES DATA IS MISSING.
T  INDICATES TRACE AMOUNT.




$$
