000
CDUS43 KJKL 020522
CLILOZ

CLIMATE REPORT
NATIONAL WEATHER SERVICE JACKSON KY
115 AM EDT THU APR 2 2015

...................................

...THE LONDON KY CLIMATE SUMMARY FOR APRIL 1 2015...

CLIMATE NORMAL PERIOD 1981 TO 2010
CLIMATE RECORD PERIOD 1954 TO 2015


WEATHER ITEM   OBSERVED TIME   RECORD YEAR NORMAL DEPARTURE LAST
                VALUE   (LST)  VALUE       VALUE  FROM      YEAR
                                                  NORMAL
..................................................................
TEMPERATURE (F)
 YESTERDAY
  MAXIMUM         71    446 PM  86    1974  64      7       80
  MINIMUM         39    644 AM  22    1994  40     -1       48
  AVERAGE         55                        52      3       64

PRECIPITATION (IN)
  YESTERDAY        0.00          2.43 1979   0.13  -0.13     0.01
  MONTH TO DATE    0.00                      0.13  -0.13     0.01
  SINCE MAR 1      5.33                      4.18   1.15     5.18
  SINCE JAN 1     12.80                     11.43   1.37    11.69

SNOWFALL (IN)
  YESTERDAY       MM
  MONTH TO DATE   MM
  SINCE MAR 1     MM
  SINCE JUL 1     MM
  SNOW DEPTH      MM

DEGREE DAYS
 HEATING
  YESTERDAY       10                        13     -3        1
  MONTH TO DATE   10                        13     -3        1
  SINCE MAR 1    534                       562    -28      652
  SINCE JUL 1   4155                      3838    317     4159

 COOLING
  YESTERDAY        0                         0      0        0
  MONTH TO DATE    0                         0      0        0
  SINCE MAR 1      0                         3     -3        0
  SINCE JAN 1      0                         3     -3        0
..................................................................

WIND (MPH)
  HIGHEST WIND SPEED    10   HIGHEST WIND DIRECTION    NE (60)
  HIGHEST GUST SPEED    MM   HIGHEST GUST DIRECTION    MM
  AVERAGE WIND SPEED     3.7

SKY COVER
  POSSIBLE SUNSHINE   0 PERCENT
  AVERAGE SKY COVER 0.0

WEATHER CONDITIONS
 THE FOLLOWING WEATHER WAS RECORDED YESTERDAY.
  NO SIGNIFICANT WEATHER WAS OBSERVED.

RELATIVE HUMIDITY (PERCENT)
 HIGHEST     0          1200 AM
 LOWEST      0          1200 AM
 AVERAGE     0

..........................................................

THE LONDON KY CLIMATE NORMALS FOR TODAY
                         NORMAL    RECORD    YEAR
 MAXIMUM TEMPERATURE (F)   64        86      2010
 MINIMUM TEMPERATURE (F)   41        25      1996

SUNRISE AND SUNSET
APRIL  2 2015.........SUNRISE   721 AM EDT   SUNSET   800 PM EDT
APRIL  3 2015.........SUNRISE   719 AM EDT   SUNSET   800 PM EDT

-  INDICATES NEGATIVE NUMBERS.
R  INDICATES RECORD WAS SET OR TIED.
MM INDICATES DATA IS MISSING.
T  INDICATES TRACE AMOUNT.


$$
