000
CDUS43 KTOP 050645
CLILWC


CLIMATE REPORT
NATIONAL WEATHER SERVICE TOPEKA KS
143 AM CDT TUE MAY 5 2015


...................................

...THE LAWRENCE KS CLIMATE SUMMARY FOR MAY 4 2015...

CLIMATE NORMAL PERIOD 1981 TO 2010
CLIMATE RECORD PERIOD 9999 TO 9999


WEATHER ITEM   OBSERVED NORMAL DEPARTURE LAST
                VALUE   VALUE  FROM      YEAR
                               NORMAL
...............................................
TEMPERATURE (F)
 YESTERDAY
  MAXIMUM         85     73     12       89
  MINIMUM         58     49      9       48
  AVERAGE         72     61     11       69

PRECIPITATION (IN)
  YESTERDAY        0.42   0.17   0.25     0.00
  MONTH TO DATE    0.44   0.71  -0.27     0.00
  SINCE MAR 1      3.96   7.10  -3.14     4.54
  SINCE JAN 1      5.65   9.41  -3.76     5.59

DEGREE DAYS
 HEATING
  YESTERDAY        0      6     -6        0
  MONTH TO DATE    6     24    -18       34
  SINCE MAR 1    849    988   -139     1129
  SINCE JUL 1   5138   5003    135     5555

 COOLING
  YESTERDAY        7      1      6        4
  MONTH TO DATE   14      4     10        4
  SINCE MAR 1     19     27     -8       14
  SINCE JAN 1     19     27     -8       14
...............................................


WIND (MPH)
  HIGHEST WIND SPEED    28   HIGHEST WIND DIRECTION     N (10)
  HIGHEST GUST SPEED    34   HIGHEST GUST DIRECTION     N (10)
  AVERAGE WIND SPEED     8.8


SKY COVER
  AVERAGE SKY COVER 0.4


WEATHER CONDITIONS
 THE FOLLOWING WEATHER WAS RECORDED YESTERDAY.
  THUNDERSTORM
  HEAVY RAIN
  RAIN
  LIGHT RAIN
  FOG
  HAZE


RELATIVE HUMIDITY (PERCENT)
 HIGHEST    93
 LOWEST     43
 AVERAGE    68

..........................................................


THE LAWRENCE KS CLIMATE NORMALS FOR TODAY
                         NORMAL
 MAXIMUM TEMPERATURE (F)   73
 MINIMUM TEMPERATURE (F)   49


SUNRISE AND SUNSET
MAY  5 2015...........SUNRISE   618 AM CDT   SUNSET   817 PM CDT
MAY  6 2015...........SUNRISE   617 AM CDT   SUNSET   818 PM CDT


-  INDICATES NEGATIVE NUMBERS.
R  INDICATES RECORD WAS SET OR TIED.
MM INDICATES DATA IS MISSING.
T  INDICATES TRACE AMOUNT.




$$
