000
CDUS46 KHNX 250821
CLIMAE


CLIMATE REPORT
NATIONAL WEATHER SERVICE SAN JOAQUIN VALLEY, CA
120 AM PDT SAT APR 25 2015


...................................

...THE MADERA CA AIRPORT CLIMATE SUMMARY FOR APRIL 24 2015...

CLIMATE NORMAL PERIOD 1981 TO 2010
CLIMATE RECORD PERIOD 1998 TO 2015


WEATHER ITEM   OBSERVED TIME   RECORD YEAR NORMAL DEPARTURE
                VALUE   (LST)  VALUE       VALUE  FROM
                                                  NORMAL
...............................................................
TEMPERATURE (F)
 YESTERDAY
  MAXIMUM         75    352 PM  88    2013  77     -2
  MINIMUM         54    606 AM  38    2008  47      7
  AVERAGE         65                        62      3

PRECIPITATION (IN)
  YESTERDAY        0.00          0.01 2003   0.03  -0.03
  MONTH TO DATE    0.34                      0.78  -0.44
  SINCE OCT 1      4.60                     10.89  -6.29
  SINCE JAN 1      0.92                      7.16  -6.24

SNOWFALL (IN)
  YESTERDAY        0.0
  MONTH TO DATE    0.0
  SINCE MAR 1      0.0
  SINCE JUL 1      0.0
  SNOW DEPTH       0

DEGREE DAYS
 HEATING
  YESTERDAY        0
  MONTH TO DATE  112
  SINCE MAR 1    242
  SINCE JUL 1   1692

 COOLING
  YESTERDAY        0
  MONTH TO DATE   20
  SINCE MAR 1     50
  SINCE JAN 1     52
...............................................................


WIND (MPH)
  HIGHEST WIND SPEED    15   HIGHEST WIND DIRECTION    NW (310)
  HIGHEST GUST SPEED    20   HIGHEST GUST DIRECTION     N (340)
  AVERAGE WIND SPEED     8.6




RELATIVE HUMIDITY (PERCENT)
 HIGHEST    67
 LOWEST     23
 AVERAGE    45

..........................................................


THE MADERA CA AIRPORT CLIMATE NORMALS FOR TODAY
                         NORMAL    RECORD    YEAR
 MAXIMUM TEMPERATURE (F)   78        93      2004
 MINIMUM TEMPERATURE (F)   47        40      2008


SUNRISE AND SUNSET
APRIL 25 2015.........SUNRISE   613 AM PDT   SUNSET   744 PM PDT
APRIL 26 2015.........SUNRISE   612 AM PDT   SUNSET   745 PM PDT


-  INDICATES NEGATIVE NUMBERS.
R  INDICATES RECORD WAS SET OR TIED.
MM INDICATES DATA IS MISSING.
T  INDICATES TRACE AMOUNT.




$$
