000
CDUS43 KABR 262226
CLIMBG


CLIMATE REPORT
NATIONAL WEATHER SERVICE ABERDEEN SD
526 PM CDT SUN APR 26 2015


...................................

...THE MOBRIDGE SD CLIMATE SUMMARY FOR APRIL 26 2015...
VALID TODAY AS OF 0500 PM LOCAL TIME.

CLIMATE NORMAL PERIOD 1981 TO 2010
CLIMATE RECORD PERIOD 1911 TO 2015


WEATHER ITEM   OBSERVED TIME   RECORD YEAR NORMAL DEPARTURE LAST
                VALUE   (LST)  VALUE       VALUE  FROM      YEAR
                                                  NORMAL
..................................................................
TEMPERATURE (F)
 TODAY
  MAXIMUM         69    323 PM  89    1952  63      6       69
  MINIMUM         51    751 AM  20    1950  36     15       46
  AVERAGE         60                        50     10       58

PRECIPITATION (IN)
  TODAY            0.00          1.63 1915   0.08  -0.08      T
  MONTH TO DATE    0.47                      1.22  -0.75     0.33
  SINCE MAR 1      0.64                      2.12  -1.48     0.84
  SINCE JAN 1      1.44                      2.85  -1.41     1.45

SNOWFALL (IN)
  TODAY            0.0
  MONTH TO DATE    T
  SINCE OCT 1     18.7
  SINCE JUL 1     18.7
  SNOW DEPTH       0

DEGREE DAYS
 HEATING
  TODAY            5                        15    -10        7
  MONTH TO DATE  441                       535    -94      580
  SINCE MAR 1   1249                      1562   -313     1724
  SINCE JUL 1   7008                      7537   -529     8264

 COOLING
  TODAY            0                         0      0        0
  MONTH TO DATE    0                         0      0        0
  SINCE MAR 1      0                         0      0        0
  SINCE JAN 1      0                         0      0        0
..................................................................


WIND (MPH)
  HIGHEST WIND SPEED    18   HIGHEST WIND DIRECTION    SE (120)
  HIGHEST GUST SPEED    23   HIGHEST GUST DIRECTION    SE (120)
  AVERAGE WIND SPEED    12.5


SKY COVER
  POSSIBLE SUNSHINE  MM
  AVERAGE SKY COVER 0.9


WEATHER CONDITIONS
 THE FOLLOWING WEATHER WAS RECORDED TODAY.
  NO SIGNIFICANT WEATHER WAS OBSERVED.


RELATIVE HUMIDITY (PERCENT)
 HIGHEST    71          1200 AM
 LOWEST     27           400 PM
 AVERAGE    49

..........................................................


THE MOBRIDGE SD CLIMATE NORMALS FOR TOMORROW
                         NORMAL    RECORD    YEAR
 MAXIMUM TEMPERATURE (F)   63        94      1952
 MINIMUM TEMPERATURE (F)   37        19      1950


SUNRISE AND SUNSET
APRIL 26 2015.........SUNRISE   638 AM CDT   SUNSET   842 PM CDT
APRIL 27 2015.........SUNRISE   636 AM CDT   SUNSET   843 PM CDT


-  INDICATES NEGATIVE NUMBERS.
R  INDICATES RECORD WAS SET OR TIED.
MM INDICATES DATA IS MISSING.
T  INDICATES TRACE AMOUNT.




$$
