000
CDUS46 KHNX 010821
CLIMCE


CLIMATE REPORT
NATIONAL WEATHER SERVICE SAN JOAQUIN VALLEY, CA
121 AM PDT WED APR 1 2015


...................................

...THE MERCED  CA CLIMATE SUMMARY FOR MARCH 31 2015...

CLIMATE NORMAL PERIOD 1981 TO 2010
CLIMATE RECORD PERIOD 1998 TO 2015


WEATHER ITEM   OBSERVED TIME   RECORD YEAR NORMAL DEPARTURE
                VALUE   (LST)  VALUE       VALUE  FROM
                                                  NORMAL
...............................................................
TEMPERATURE (F)
 YESTERDAY
  MAXIMUM         75    251 PM  82    2003  68      7
  MINIMUM         47    508 AM  34    2008  43      4
  AVERAGE         61                        55      6

PRECIPITATION (IN)
  YESTERDAY        0.00          0.34 1999   0.05  -0.05
  MONTH TO DATE    0.19                      2.07  -1.88
  SINCE OCT 1      6.01                     10.53  -4.52
  SINCE JAN 1      1.26                      7.02  -5.76

SNOWFALL (IN)
  YESTERDAY        0.0
  MONTH TO DATE    0.0
  SINCE MAR 1      0.0
  SINCE JUL 1      0.0
  SNOW DEPTH       0

DEGREE DAYS
 HEATING
  YESTERDAY        4
  MONTH TO DATE  130
  SINCE MAR 1    130
  SINCE JUL 1   1594

 COOLING
  YESTERDAY        0
  MONTH TO DATE   14
  SINCE MAR 1     14
  SINCE JAN 1     14
...............................................................


WIND (MPH)
  HIGHEST WIND SPEED    24   HIGHEST WIND DIRECTION     N (340)
  HIGHEST GUST SPEED    34   HIGHEST GUST DIRECTION    NW (310)
  AVERAGE WIND SPEED    12.8




RELATIVE HUMIDITY (PERCENT)
 HIGHEST    77
 LOWEST     27
 AVERAGE    52

..........................................................


THE MERCED  CA CLIMATE NORMALS FOR TODAY
                         NORMAL    RECORD    YEAR
 MAXIMUM TEMPERATURE (F)   68        84      2011
 MINIMUM TEMPERATURE (F)   43        35      1999


SUNRISE AND SUNSET
APRIL  1 2015.........SUNRISE   648 AM PDT   SUNSET   725 PM PDT
APRIL  2 2015.........SUNRISE   647 AM PDT   SUNSET   726 PM PDT


-  INDICATES NEGATIVE NUMBERS.
R  INDICATES RECORD WAS SET OR TIED.
MM INDICATES DATA IS MISSING.
T  INDICATES TRACE AMOUNT.




$$
