000
CDAK49 PAMC 051106
CLIMCG

CLIMATE REPORT
NATIONAL WEATHER SERVICE MCGRATH, AK
306 AM AKDT TUE MAY 5 2015

...................................
...THE MCGRATH AIRPORT CLIMATE SUMMARY FOR MAY 4 2015...

CLIMATE NORMAL PERIOD  1981 TO  2010
CLIMATE RECORD PERIOD  1940 TO  2015

WEATHER ITEM   OBSERVED TIME    RECORD YEAR NORMAL DEPARTURE LAST
               VALUE    (LST)   VALUE       VALUE  FROM      YEAR
                                                   NORMAL
...................................................................
TEMPERATURE
YESTERDAY
 MAXIMUM            64  0454 PM    74  2004     52      12     48
 MINIMUM            33  0516 AM     4  1945     31       2     37
 AVERAGE            49                          42       7     43

PRECIPITATION
(INCHES)
 YESTERDAY           T           0.55  2007   0.03   -0.03      T
 MONTH TO DATE    0.07                        0.11   -0.04      T
 SINCE MAR 1      0.59                        1.66   -1.07   0.12
 SINCE JAN 1      1.03                        3.69   -2.66   1.81

SNOWFALL
(INCHES)
 YESTERDAY         0.0            3.5  1952    0.1    -0.1    0.0
 MONTH TO DATE     0.0                         0.3    -0.3    0.0
 SINCE MAR 1       8.5                        16.7    -8.2    1.1
 SINCE JUL 1      41.6                        96.7   -55.1   47.1
 SNOW DEPTH (IN)     0                                          0

DEGREE DAYS
 HEATING
  YESTERDAY         16                          23      -7     22
  MONTH TO DATE     75                          96     -21     63
  SINCE MAR 1     2409                        2812    -403   2644
  SINCE JUL 1    11475                       13050   -1575  11471

 COOLING
  YESTERDAY          0                           0       0      0
  MONTH TO DATE      0                           0       0      0
  SINCE MAR 1        0                           0       0      0
  SINCE JAN 1        0                           0       0      0
...................................................................

WIND (MPH)
 HIGHEST WIND SPEED     9     HIGHEST WIND DIRECTION    160
 HIGHEST GUST SPEED    13     HIGHEST GUST DIRECTION    120
 AVERAGE WIND SPEED   2.9

WEATHER CONDITIONS
 THE FOLLOWING WEATHER WAS RECORDED YESTERDAY.
 RAIN
...................................................................

THE MCGRATH CLIMATE NORMALS FOR TODAY
                           NORMAL    RECORD   YEAR
 MAXIMUM TEMPERATURE (F)     53        65     1997
 MINIMUM TEMPERATURE (F)     32        -1     1949

SUNRISE AND SUNSET
 MAY 5 2015..........SUNRISE  5:51 AM      SUNSET 10:51 PM
 MAY 6 2015..........SUNRISE  5:48 AM      SUNSET 10:54 PM

-  INDICATES NEGATIVE NUMBERS.
R  INDICATES RECORD HAS BEEN SET OR TIED.
MM INDICATES DATA IS MISSING.
T  INDICATES TRACE OF PRECIPITATION.

&&
-------------------------------------------------------------------

AMOUNT OF DAYLIGHT TODAY  (HOUR:MIN)........17 HOURS 0 MINUTES
GAIN SINCE YESTERDAY (HOUR:MIN:SEC)....+0:06:07

$$
ADJ MAY 15
