000
CDUS42 KMLB 040635
CLIMCO


CLIMATE REPORT
NATIONAL WEATHER SERVICE MELBOURNE FL
235 AM EDT MON MAY 4 2015


...................................

...THE ORLANDO  CLIMATE SUMMARY FOR MAY 3 2015...

CLIMATE NORMAL PERIOD 1981 TO 2010
CLIMATE RECORD PERIOD 1892 TO 2015


WEATHER ITEM   OBSERVED TIME   RECORD YEAR NORMAL DEPARTURE LAST
                VALUE   (LST)  VALUE       VALUE  FROM      YEAR
                                                  NORMAL
..................................................................
TEMPERATURE (F)
 YESTERDAY
  MAXIMUM         83    201 PM  99    1915  86     -3       76
  MINIMUM         61    543 AM  47    1925  63     -2       63
  AVERAGE         72                        75     -3       70

PRECIPITATION (IN)
  YESTERDAY        0.00          1.24 1923   0.06  -0.06     0.29
  MONTH TO DATE    0.00                      0.20  -0.20     1.09
  SINCE MAR 1      4.96                      6.65  -1.69     9.81
  SINCE JAN 1     13.06                     11.38   1.68    14.85

SNOWFALL (IN)
  YESTERDAY        0.0
  MONTH TO DATE    0.0
  SINCE MAR 1      0.0
  SINCE JUL 1      0.0

DEGREE DAYS
 HEATING
  YESTERDAY        0                         0      0        0
  MONTH TO DATE    0                         0      0        0
  SINCE MAR 1     16                        71    -55       42
  SINCE JUL 1    486                       570    -84      406

 COOLING
  YESTERDAY        7                        10     -3        5
  MONTH TO DATE   21                        28     -7       31
  SINCE MAR 1    673                       345    328      403
  SINCE JAN 1    747                       449    298      553
..................................................................


WIND (MPH)
  HIGHEST WIND SPEED    18   HIGHEST WIND DIRECTION     E (110)
  HIGHEST GUST SPEED    24   HIGHEST GUST DIRECTION     E (100)
  AVERAGE WIND SPEED     7.8


SKY COVER
  AVERAGE SKY COVER 0.3


WEATHER CONDITIONS
 THE FOLLOWING WEATHER WAS RECORDED YESTERDAY.
  NO SIGNIFICANT WEATHER WAS OBSERVED.


RELATIVE HUMIDITY (PERCENT)
 HIGHEST    78           200 AM
 LOWEST     35          1100 AM
 AVERAGE    57

..........................................................


THE ORLANDO  CLIMATE NORMALS FOR TODAY
                         NORMAL    RECORD    YEAR
 MAXIMUM TEMPERATURE (F)   86        98      1915
 MINIMUM TEMPERATURE (F)   64        49      1929
                                             1921


SUNRISE AND SUNSET
MAY  4 2015...........SUNRISE   643 AM EDT   SUNSET   802 PM EDT
MAY  5 2015...........SUNRISE   642 AM EDT   SUNSET   803 PM EDT


-  INDICATES NEGATIVE NUMBERS.
R  INDICATES RECORD WAS SET OR TIED.
MM INDICATES DATA IS MISSING.
T  INDICATES TRACE AMOUNT.




$$
