000
CDUS43 KLOT 260636
CLIMDW


CLIMATE REPORT
NATIONAL WEATHER SERVICE CHICAGO IL
136 AM CDT SUN APR 26 2015


...................................

...THE CHICAGO-MIDWAY CLIMATE SUMMARY FOR APRIL 25 2015...

CLIMATE NORMAL PERIOD 1981 TO 2010
CLIMATE RECORD PERIOD 1928 TO 2015


WEATHER ITEM   OBSERVED TIME   RECORD YEAR NORMAL DEPARTURE LAST
                VALUE   (LST)  VALUE       VALUE  FROM      YEAR
                                                  NORMAL
..................................................................
TEMPERATURE (F)
 YESTERDAY
  MAXIMUM         49    322 PM  89    1990  63    -14       69
  MINIMUM         40    949 PM  27    1934  45     -5       47
  AVERAGE         45                        54     -9       58

PRECIPITATION (IN)
  YESTERDAY        0.34          1.62 1976   0.12   0.22     0.24
  MONTH TO DATE    2.94                      3.00  -0.06     2.50
  SINCE MAR 1      3.42                      5.72  -2.30     3.59
  SINCE JAN 1      4.76                      9.72  -4.96     6.08

DEGREE DAYS
 HEATING
  YESTERDAY       20                        12      8        7
  MONTH TO DATE  292                       397   -105      386
  SINCE MAR 1   1118                      1209    -91     1383
  SINCE JUL 1   5840                      5720    120     6585

 COOLING
  YESTERDAY        0                         1     -1        0
  MONTH TO DATE    0                         7     -7        5
  SINCE MAR 1      0                         8     -8        5
  SINCE JAN 1      0                         8     -8        5
..................................................................


WIND (MPH)
  RESULTANT WIND SPEED  13   RESULTANT WIND DIRECTION   E (70)
  HIGHEST WIND SPEED    25   HIGHEST WIND DIRECTION    NE (60)
  HIGHEST GUST SPEED    32   HIGHEST GUST DIRECTION    NE (50)
  AVERAGE WIND SPEED    14.3



WEATHER CONDITIONS
 THE FOLLOWING WEATHER WAS RECORDED YESTERDAY.
  LIGHT RAIN
  FOG
  HAZE


..........................................................


THE CHICAGO-MIDWAY CLIMATE NORMALS FOR TODAY
                         NORMAL    RECORD    YEAR
 MAXIMUM TEMPERATURE (F)   64        91      1986
 MINIMUM TEMPERATURE (F)   45        29      1930
                                             1928


SUNRISE AND SUNSET
APRIL 26 2015.........SUNRISE   555 AM CDT   SUNSET   744 PM CDT
APRIL 27 2015.........SUNRISE   553 AM CDT   SUNSET   745 PM CDT


-  INDICATES NEGATIVE NUMBERS.
R  INDICATES RECORD WAS SET OR TIED.
MM INDICATES DATA IS MISSING.
T  INDICATES TRACE AMOUNT.




$$
