000
CDUS44 KBRO 062128
CLIMFE


CLIMATE REPORT
NATIONAL WEATHER SERVICE BROWNSVILLE TX
427 PM CDT WED MAY 6 2015


...................................

...THE MCALLEN CLIMATE SUMMARY FOR MAY 6 2015...
VALID TODAY AS OF 0400 PM LOCAL TIME.

CLIMATE NORMAL PERIOD 1981 TO 2010
CLIMATE RECORD PERIOD 1941 TO 2015


WEATHER ITEM   OBSERVED TIME   RECORD YEAR NORMAL DEPARTURE LAST
                VALUE   (LST)  VALUE       VALUE  FROM      YEAR
                                                  NORMAL
..................................................................
TEMPERATURE (F)
 TODAY
  MAXIMUM         89    245 PM  99    2009  90     -1       91
  MINIMUM         77    651 AM  50    1944  70      7       69
                                      1970
  AVERAGE         83                        80      3       80

PRECIPITATION (IN)
  TODAY            T             3.01 1987   0.07  -0.07     0.00
  MONTH TO DATE    T                         0.41  -0.41      T
  SINCE MAR 1      5.98                      2.78   3.20     1.20
  SINCE JAN 1      6.57                      4.94   1.63     2.08

SNOWFALL (IN)
  TODAY            0.0
  MONTH TO DATE    0.0
  SINCE MAR 1      0.0
  SINCE JUL 1      0.0
  SNOW DEPTH       0

DEGREE DAYS
 HEATING
  TODAY            0                         0      0        0
  MONTH TO DATE    0                         0      0        0
  SINCE MAR 1     66                        46     20      107
  SINCE JUL 1    756                       579    177      883

 COOLING
  TODAY           18                        15      3       15
  MONTH TO DATE   86                        87     -1       51
  SINCE MAR 1    682                       659     23      536
  SINCE JAN 1    767                       818    -51      664
..................................................................


WIND (MPH)
  HIGHEST WIND SPEED    23   HIGHEST WIND DIRECTION    SE (140)
  HIGHEST GUST SPEED    29   HIGHEST GUST DIRECTION    SE (130)
  AVERAGE WIND SPEED    15.2



WEATHER CONDITIONS
 THE FOLLOWING WEATHER WAS RECORDED TODAY.
  LIGHT RAIN


..........................................................


THE MCALLEN CLIMATE NORMALS FOR TOMORROW
                         NORMAL    RECORD    YEAR
 MAXIMUM TEMPERATURE (F)   90       100      1971
                                             1998
 MINIMUM TEMPERATURE (F)   71        54      1944


SUNRISE AND SUNSET
MAY  6 2015...........SUNRISE   652 AM CDT   SUNSET   807 PM CDT
MAY  7 2015...........SUNRISE   651 AM CDT   SUNSET   808 PM CDT


-  INDICATES NEGATIVE NUMBERS.
R  INDICATES RECORD WAS SET OR TIED.
MM INDICATES DATA IS MISSING.
T  INDICATES TRACE AMOUNT.




$$
