000
CDUS44 KBMX 180708
CLIMGM


CLIMATE REPORT
NATIONAL WEATHER SERVICE BIRMINGHAM, AL
207 AM CDT SAT APR 18 2015


...................................

...THE MONTGOMERY CLIMATE SUMMARY FOR APRIL 17 2015...

CLIMATE NORMAL PERIOD 1981 TO 2010
CLIMATE RECORD PERIOD 1994 TO 2015


WEATHER ITEM   OBSERVED TIME   RECORD YEAR NORMAL DEPARTURE LAST
                VALUE   (LST)  VALUE       VALUE  FROM      YEAR
                                                  NORMAL
..................................................................
TEMPERATURE (F)
 YESTERDAY
  MAXIMUM         66   1159 PM  90    1955  77    -11       72
                                      1894
  MINIMUM         60    749 AM  36    1949  52      8       46
  AVERAGE         63                        64     -1       59

PRECIPITATION (IN)
  YESTERDAY        0.57          1.27 1912   0.12   0.45     0.00
  MONTH TO DATE    5.50                      2.52   2.98     6.00
  SINCE MAR 1      7.50                      8.47  -0.97    11.52
  SINCE JAN 1     15.16                     18.40  -3.24    19.19

SNOWFALL (IN)
  YESTERDAY        0.0                       0.0    0.0      0.0
  MONTH TO DATE    0.0                       0.0    0.0      0.0
  SINCE MAR 1      0.0                       0.3   -0.3      0.0
  SINCE JUL 1      0.0                       0.4   -0.4      0.5
  SNOW DEPTH       0

DEGREE DAYS
 HEATING
  YESTERDAY        2                         3     -1        6
  MONTH TO DATE    9                        72    -63       52
  SINCE MAR 1    161                       327   -166      332
  SINCE JUL 1   2131                      2199    -68     2290

 COOLING
  YESTERDAY        0                         2     -2        0
  MONTH TO DATE   99                        30     69       27
  SINCE MAR 1    170                        53    117       30
  SINCE JAN 1    170                        59    111       37
..................................................................


WIND (MPH)
  HIGHEST WIND SPEED    14   HIGHEST WIND DIRECTION     E (70)
  HIGHEST GUST SPEED    16   HIGHEST GUST DIRECTION     E (100)
  AVERAGE WIND SPEED     5.8


SKY COVER
  AVERAGE SKY COVER 1.0


WEATHER CONDITIONS
 THE FOLLOWING WEATHER WAS RECORDED YESTERDAY.
  HEAVY RAIN
  RAIN
  LIGHT RAIN
  FOG


RELATIVE HUMIDITY (PERCENT)
 HIGHEST    97           300 AM
 LOWEST     84          1200 AM
 AVERAGE    91

..........................................................


THE MONTGOMERY CLIMATE NORMALS FOR TODAY
                         NORMAL    RECORD    YEAR
 MAXIMUM TEMPERATURE (F)   77        91      2006
 MINIMUM TEMPERATURE (F)   52        34      1997


SUNRISE AND SUNSET
APRIL 18 2015.........SUNRISE   613 AM CDT   SUNSET   717 PM CDT
APRIL 19 2015.........SUNRISE   612 AM CDT   SUNSET   718 PM CDT


-  INDICATES NEGATIVE NUMBERS.
R  INDICATES RECORD WAS SET OR TIED.
MM INDICATES DATA IS MISSING.
T  INDICATES TRACE AMOUNT.




$$
