000
CDUS41 KPBZ 032125
CLIMGW


CLIMATE REPORT
NATIONAL WEATHER SERVICE PITTSBURGH PA
524 PM EDT SUN MAY 3 2015


...................................

...THE MORGANTOWN WV CLIMATE SUMMARY FOR MAY 3 2015...
VALID TODAY AS OF 0500 PM LOCAL TIME.

CLIMATE NORMAL PERIOD 1981 TO 2010
CLIMATE RECORD PERIOD 1948 TO 2015


WEATHER ITEM   OBSERVED TIME   RECORD YEAR NORMAL DEPARTURE LAST
                VALUE   (LST)  VALUE       VALUE  FROM      YEAR
                                                  NORMAL
..................................................................
TEMPERATURE (F)
 TODAY
  MAXIMUM         77    359 PM  88    2012  69      8       66
                                      1965
  MINIMUM         46    537 AM  33    1986  47     -1       43
  AVERAGE         62                        58      4       55

PRECIPITATION (IN)
  TODAY            0.00         MM      MM   0.13  -0.13      T
  MONTH TO DATE    0.01                      0.39  -0.38     0.01
  SINCE JUN 1     42.27                     37.61   4.66    39.40
  SINCE JAN 1     16.04                     12.97   3.07    10.97

DEGREE DAYS
 HEATING
  TODAY            3                         8     -5       10
  MONTH TO DATE   19                        24     -5       27
  SINCE MAR 1   1093                      1118    -25     1188
  SINCE JUL 1   5217                      5007    210     5314

 COOLING
  TODAY            0                         1     -1        0
  MONTH TO DATE    0                         3     -3        0
  SINCE MAR 1      8                        19    -11       18
  SINCE JAN 1      8                        19    -11       18
..................................................................


WIND (MPH)
  RESULTANT WIND SPEED   2   RESULTANT WIND DIRECTION  SW (210)
  HIGHEST WIND SPEED    13   HIGHEST WIND DIRECTION     S (190)
  HIGHEST GUST SPEED    16   HIGHEST GUST DIRECTION     S (190)
  AVERAGE WIND SPEED     2.8


SKY COVER
  POSSIBLE SUNSHINE  MM
  AVERAGE SKY COVER 0.4


WEATHER CONDITIONS
 THE FOLLOWING WEATHER WAS RECORDED TODAY.
  NO SIGNIFICANT WEATHER WAS OBSERVED.


RELATIVE HUMIDITY (PERCENT)
 HIGHEST    71           600 AM
 LOWEST     23           200 PM
 AVERAGE    47

..........................................................


THE MORGANTOWN WV CLIMATE NORMALS FOR TOMORROW
                         NORMAL    RECORD    YEAR
 MAXIMUM TEMPERATURE (F)   70        89      1949
 MINIMUM TEMPERATURE (F)   47        29      1957


SUNRISE AND SUNSET
MAY  3 2015...........SUNRISE   618 AM EDT   SUNSET   815 PM EDT
MAY  4 2015...........SUNRISE   617 AM EDT   SUNSET   816 PM EDT


-  INDICATES NEGATIVE NUMBERS.
R  INDICATES RECORD WAS SET OR TIED.
MM INDICATES DATA IS MISSING.
T  INDICATES TRACE AMOUNT.




$$
