000
CDUS44 KMEG 030632
CLIMKL


CLIMATE REPORT
NATIONAL WEATHER SERVICE MEMPHIS TN
131 AM CDT SUN MAY 3 2015


...................................

...THE JACKSON CLIMATE SUMMARY FOR MAY 2 2015...

CLIMATE NORMAL PERIOD 1981 TO 2010
CLIMATE RECORD PERIOD 1948 TO 2015


WEATHER ITEM   OBSERVED TIME   RECORD YEAR NORMAL DEPARTURE LAST
                VALUE   (LST)  VALUE       VALUE  FROM      YEAR
                                                  NORMAL
..................................................................
TEMPERATURE (F)
 YESTERDAY
  MAXIMUM         77    404 PM  92    1952  77      0       68
  MINIMUM         41    508 AM  40    2014  53    -12       40
                                      2005
                                      1961
  AVERAGE         59                        65     -6       54

PRECIPITATION (IN)
  YESTERDAY        0.00          2.99 1984   0.19  -0.19     0.00
  MONTH TO DATE    0.00                      0.38  -0.38     0.00
  SINCE MAR 1     10.00                      9.99   0.01    10.03
  SINCE JAN 1     15.89                     18.23  -2.34    18.19

SNOWFALL (IN)
  YESTERDAY        0.0          MM      MM   0.0    0.0      0.0
  MONTH TO DATE    0.0                       0.0    0.0      0.0
  SINCE MAR 1      4.4                       0.4    4.0      0.8
  SINCE JUL 1      5.9                       4.6    1.3      1.3
  SNOW DEPTH       0

DEGREE DAYS
 HEATING
  YESTERDAY        6                         3      3       11
  MONTH TO DATE   15                         6      9       21
  SINCE MAR 1    640                       648     -8      813
  SINCE JUL 1   3813                      3532    281     4109

 COOLING
  YESTERDAY        0                         3     -3        0
  MONTH TO DATE    0                         6     -6        0
  SINCE MAR 1     61                        64     -3       37
  SINCE JAN 1     61                        65     -4       37
..................................................................


WIND (MPH)
  HIGHEST WIND SPEED     9   HIGHEST WIND DIRECTION    SW (240)
  HIGHEST GUST SPEED    14   HIGHEST GUST DIRECTION    SW (230)
  AVERAGE WIND SPEED     1.0


SKY COVER
  POSSIBLE SUNSHINE  MM
  AVERAGE SKY COVER 0.0


WEATHER CONDITIONS
 THE FOLLOWING WEATHER WAS RECORDED YESTERDAY.
  NO SIGNIFICANT WEATHER WAS OBSERVED.


RELATIVE HUMIDITY (PERCENT)
 HIGHEST    92           100 AM
 LOWEST     33           300 PM
 AVERAGE    63

..........................................................


THE JACKSON CLIMATE NORMALS FOR TODAY
                         NORMAL    RECORD    YEAR
 MAXIMUM TEMPERATURE (F)   77        90      1955
                                             1949
 MINIMUM TEMPERATURE (F)   54        35      2005


SUNRISE AND SUNSET
MAY  3 2015...........SUNRISE   602 AM CDT   SUNSET   744 PM CDT
MAY  4 2015...........SUNRISE   601 AM CDT   SUNSET   744 PM CDT


-  INDICATES NEGATIVE NUMBERS.
R  INDICATES RECORD WAS SET OR TIED.
MM INDICATES DATA IS MISSING.
T  INDICATES TRACE AMOUNT.




$$
