000
CDUS42 KMLB 190636
CLIMLB


CLIMATE REPORT
NATIONAL WEATHER SERVICE MELBOURNE FL
235 AM EDT SUN APR 19 2015


...................................

...THE MELBOURNE CLIMATE SUMMARY FOR APRIL 18 2015...

CLIMATE NORMAL PERIOD 1981 TO 2010
CLIMATE RECORD PERIOD 1939 TO 2015


WEATHER ITEM   OBSERVED TIME   RECORD YEAR NORMAL DEPARTURE LAST
                VALUE   (LST)  VALUE       VALUE  FROM      YEAR
                                                  NORMAL
..................................................................
TEMPERATURE (F)
 YESTERDAY
  MAXIMUM         91R   232 PM  90    1969  81     10       81
                                      1967
  MINIMUM         72    637 AM  45    1983  60     12       69
  AVERAGE         82                        71     11       75

PRECIPITATION (IN)
  YESTERDAY        0.00          1.23 2014   0.07  -0.07     1.23
  MONTH TO DATE    2.22                      1.35   0.87     2.84
  SINCE MAR 1      2.65                      4.63  -1.98     4.86
  SINCE JAN 1      8.76                      9.43  -0.67    11.92

SNOWFALL (IN)
  YESTERDAY        0.0
  MONTH TO DATE    0.0
  SINCE JUL 1      0.0

DEGREE DAYS
 HEATING
  YESTERDAY        0                         0      0        0
  MONTH TO DATE    0                        15    -15        3
  SINCE MAR 1     14                        86    -72       52
  SINCE JUL 1    424                       575   -151      358

 COOLING
  YESTERDAY       17                         6     11       10
  MONTH TO DATE  209                        91    118      128
  SINCE MAR 1    448                       190    258      239
  SINCE JAN 1    546                       288    258      407
..................................................................


WIND (MPH)
  HIGHEST WIND SPEED    16   HIGHEST WIND DIRECTION    SW (240)
  HIGHEST GUST SPEED    23   HIGHEST GUST DIRECTION    SW (230)
  AVERAGE WIND SPEED     5.7


SKY COVER
  AVERAGE SKY COVER 0.2


WEATHER CONDITIONS
 THE FOLLOWING WEATHER WAS RECORDED YESTERDAY.
  FOG


RELATIVE HUMIDITY (PERCENT)
 HIGHEST   100           200 AM
 LOWEST     47           200 PM
 AVERAGE    74

..........................................................


THE MELBOURNE CLIMATE NORMALS FOR TODAY
                         NORMAL    RECORD    YEAR
 MAXIMUM TEMPERATURE (F)   81        90      1975
                                             1944
 MINIMUM TEMPERATURE (F)   61        41      1997


SUNRISE AND SUNSET
APRIL 19 2015.........SUNRISE   654 AM EDT   SUNSET   750 PM EDT
APRIL 20 2015.........SUNRISE   653 AM EDT   SUNSET   751 PM EDT


-  INDICATES NEGATIVE NUMBERS.
R  INDICATES RECORD WAS SET OR TIED.
MM INDICATES DATA IS MISSING.
T  INDICATES TRACE AMOUNT.




$$
