000
CDUS43 KDVN 050941
CLIMLI


CLIMATE REPORT
NATIONAL WEATHER SERVICE QUAD CITIES IA IL
441 AM CDT TUE MAY 5 2015


...................................

...THE MOLINE IL CLIMATE SUMMARY FOR MAY 4 2015...

CLIMATE NORMAL PERIOD 1981 TO 2010
CLIMATE RECORD PERIOD 1872 TO 2015


WEATHER ITEM   OBSERVED TIME   RECORD YEAR NORMAL DEPARTURE LAST
                VALUE   (LST)  VALUE       VALUE  FROM      YEAR
                                                  NORMAL
..................................................................
TEMPERATURE (F)
 YESTERDAY
  MAXIMUM         77    246 PM  93    1952  69      8       61
  MINIMUM         60    557 AM  28    2005  47     13       44
  AVERAGE         69                        58     11       53

PRECIPITATION (IN)
  YESTERDAY        0.56          2.13 1990   0.13   0.43      T
  MONTH TO DATE    0.77                      0.52   0.25     0.03
  SINCE MAR 1      3.14                      6.97  -3.83     4.71
  SINCE JAN 1      6.07                     10.06  -3.99     8.73

SNOWFALL (IN)
  YESTERDAY        0.0          MM      MM   0.0    0.0      0.0
  MONTH TO DATE    0.0                       0.0    0.0      0.0
  SINCE MAR 1      0.1                       4.9   -4.8     10.3
  SINCE JUL 1     39.1                      31.6    7.5     65.1
  SNOW DEPTH       0

DEGREE DAYS
 HEATING
  YESTERDAY        0                         8     -8       12
  MONTH TO DATE   18                        33    -15       49
  SINCE MAR 1   1231                      1258    -27     1530
  SINCE JUL 1   6489                      6056    433     7200

 COOLING
  YESTERDAY        4                         1      3        0
  MONTH TO DATE    9                         4      5        0
  SINCE MAR 1      9                        18     -9        5
  SINCE JAN 1      9                        18     -9        5
..................................................................


WIND (MPH)
  HIGHEST WIND SPEED    18   HIGHEST WIND DIRECTION     N (360)
  HIGHEST GUST SPEED    32   HIGHEST GUST DIRECTION     N (10)
  AVERAGE WIND SPEED     8.7


SKY COVER
  POSSIBLE SUNSHINE  MM
  AVERAGE SKY COVER 0.5


WEATHER CONDITIONS
 THE FOLLOWING WEATHER WAS RECORDED YESTERDAY.
  THUNDERSTORM
  HEAVY RAIN
  RAIN
  LIGHT RAIN
  FOG


RELATIVE HUMIDITY (PERCENT)
 HIGHEST    93          1100 PM
 LOWEST     60           200 PM
 AVERAGE    77

..........................................................


THE MOLINE IL CLIMATE NORMALS FOR TODAY
                         NORMAL    RECORD    YEAR
 MAXIMUM TEMPERATURE (F)   69        93      1949
 MINIMUM TEMPERATURE (F)   47        34      1944


SUNRISE AND SUNSET
MAY  5 2015...........SUNRISE   554 AM CDT   SUNSET   804 PM CDT
MAY  6 2015...........SUNRISE   553 AM CDT   SUNSET   805 PM CDT


-  INDICATES NEGATIVE NUMBERS.
R  INDICATES RECORD WAS SET OR TIED.
MM INDICATES DATA IS MISSING.
T  INDICATES TRACE AMOUNT.




$$
