000
CDUS41 KCAR 250529
CLIMLT


CLIMATE REPORT
NATIONAL WEATHER SERVICE CARIBOU, ME
128 AM EDT SAT APR 25 2015


...................................

...THE MILLINOCKET ME CLIMATE SUMMARY FOR APRIL 24 2015...

CLIMATE NORMAL PERIOD 1981 TO 2010
CLIMATE RECORD PERIOD 1903 TO 2015


WEATHER ITEM   OBSERVED TIME   RECORD YEAR NORMAL DEPARTURE LAST
                VALUE   (LST)  VALUE       VALUE  FROM      YEAR
                                                  NORMAL
..................................................................
TEMPERATURE (F)
 YESTERDAY
  MAXIMUM         45    144 PM  82    1913  56    -11       44
  MINIMUM         34    451 AM  20    1930  35     -1       37
  AVERAGE         40                        45     -5       41

PRECIPITATION (IN)
  YESTERDAY        0.11          1.29 2005   0.11   0.00     0.06
  MONTH TO DATE    1.75                      2.90  -1.15     2.42
  SINCE MAR 1      3.54                      5.96  -2.42     5.02
  SINCE JAN 1      6.77                     11.07  -4.30    10.21

SNOWFALL (IN)
  YESTERDAY       MM            MM      MM  MM     MM       MM
  MONTH TO DATE    0.0                      MM     MM       MM
  SINCE MAR 1      0.0                      MM     MM       MM
  SINCE JUL 1      0.0                      MM     MM       MM
  SNOW DEPTH      MM

DEGREE DAYS
 HEATING
  YESTERDAY       25                        20      5       24
  MONTH TO DATE  633                       612     21      598
  SINCE MAR 1   1890                      1759    131     1976
  SINCE JUL 1   7935                      7811    124     8014

 COOLING
  YESTERDAY        0                         0      0        0
  MONTH TO DATE    0                         0      0        0
  SINCE MAR 1      0                         0      0        0
  SINCE JAN 1      0                         0      0        0
..................................................................


WIND (MPH)
  HIGHEST WIND SPEED    23   HIGHEST WIND DIRECTION    NW (300)
  HIGHEST GUST SPEED    32   HIGHEST GUST DIRECTION    NW (300)
  AVERAGE WIND SPEED    10.3


SKY COVER
  POSSIBLE SUNSHINE  MM
  AVERAGE SKY COVER 0.9


WEATHER CONDITIONS
 THE FOLLOWING WEATHER WAS RECORDED YESTERDAY.
  LIGHT RAIN
  LIGHT SNOW
  FOG


RELATIVE HUMIDITY (PERCENT)
 HIGHEST    96           200 AM
 LOWEST     53          1200 PM
 AVERAGE    75

..........................................................


THE MILLINOCKET ME CLIMATE NORMALS FOR TODAY
                         NORMAL    RECORD    YEAR
 MAXIMUM TEMPERATURE (F)   56        87      1913
 MINIMUM TEMPERATURE (F)   35        18      1914


SUNRISE AND SUNSET
APRIL 25 2015.........SUNRISE   532 AM EDT   SUNSET   734 PM EDT
APRIL 26 2015.........SUNRISE   531 AM EDT   SUNSET   735 PM EDT


-  INDICATES NEGATIVE NUMBERS.
R  INDICATES RECORD WAS SET OR TIED.
MM INDICATES DATA IS MISSING.
T  INDICATES TRACE AMOUNT.




$$
