000
CDUS41 KBTV 050526
CLIMPV

CLIMATE REPORT
NATIONAL WEATHER SERVICE BURLINGTON VT
120 AM EDT TUE MAY 5 2015

...................................

...THE MONTPELIER VT CLIMATE SUMMARY FOR MAY 4 2015...

CLIMATE NORMAL PERIOD 1981 TO 2010
CLIMATE RECORD PERIOD 1948 TO 2015


WEATHER ITEM   OBSERVED TIME   RECORD YEAR NORMAL DEPARTURE LAST
                VALUE   (LST)  VALUE       VALUE  FROM      YEAR
                                                  NORMAL
..................................................................
TEMPERATURE (F)
 YESTERDAY
  MAXIMUM         80    344 PM  83    1949  62     18       52
  MINIMUM         41    454 AM  26    1967  38      3       42
  AVERAGE         61                        50     11       47

PRECIPITATION (IN)
  YESTERDAY        0.01          1.00        0.10  -0.09     0.30
  MONTH TO DATE    0.01                      0.40  -0.39     0.76
  SINCE MAR 1      2.91                      5.45  -2.54     5.91
  SINCE JAN 1      5.78                      9.94  -4.16    10.22

DEGREE DAYS
 HEATING
  YESTERDAY        4                        15    -11       18
  MONTH TO DATE   42                        62    -20       63
  SINCE MAR 1   2116                      1858    258     2242
  SINCE JUL 1   8454                      7766    688     8407

 COOLING
  YESTERDAY        0                         0      0        0
  MONTH TO DATE    0                         0      0        0
  SINCE MAR 1      0                         1     -1        0
  SINCE JAN 1      0                         1     -1        0
..................................................................


WIND (MPH)
  HIGHEST WIND SPEED    21   HIGHEST WIND DIRECTION    SW (230)
  HIGHEST GUST SPEED    30   HIGHEST GUST DIRECTION    SW (210)
  AVERAGE WIND SPEED     5.9


SKY COVER
  AVERAGE SKY COVER 0.4


WEATHER CONDITIONS
 THE FOLLOWING WEATHER WAS RECORDED YESTERDAY.
  LIGHT RAIN


RELATIVE HUMIDITY (PERCENT)
 HIGHEST    86           500 AM
 LOWEST     19           100 PM
 AVERAGE    53

..........................................................


THE MONTPELIER VT CLIMATE NORMALS FOR TODAY
                         NORMAL    RECORD    YEAR
 MAXIMUM TEMPERATURE (F)   62        83      1949
 MINIMUM TEMPERATURE (F)   38        24      1952


SUNRISE AND SUNSET
MAY  5 2015...........SUNRISE   536 AM EDT   SUNSET   758 PM EDT
MAY  6 2015...........SUNRISE   535 AM EDT   SUNSET   800 PM EDT


-  INDICATES NEGATIVE NUMBERS.
R  INDICATES RECORD WAS SET OR TIED.
MM INDICATES DATA IS MISSING.
T  INDICATES TRACE AMOUNT.

$$
