000
CDUS41 KLWX 070525
CLIMRB


CLIMATE REPORT
NATIONAL WEATHER SERVICE BALTIMORE MD/WASHINGTON DC
124 AM EDT THU MAY 7 2015


...................................

...THE MARTINSBURG WV CLIMATE SUMMARY FOR MAY 6 2015...

CLIMATE NORMAL PERIOD 1981 TO 2010
CLIMATE RECORD PERIOD 1926 TO 2015


WEATHER ITEM   OBSERVED TIME   RECORD YEAR NORMAL DEPARTURE LAST
                VALUE   (LST)  VALUE       VALUE  FROM      YEAR
                                                  NORMAL
..................................................................
TEMPERATURE (F)
 YESTERDAY
  MAXIMUM         82    214 PM  93    1928  70     12       73
  MINIMUM         55    549 AM  36    1974  47      8       47
  AVERAGE         69                        58     11       60

PRECIPITATION (IN)
  YESTERDAY        0.30          1.19 1988   0.13   0.17     0.00
  MONTH TO DATE    0.30                      0.78  -0.48     0.21
  SINCE MAR 1      5.92                      7.64  -1.72     6.04
  SINCE JAN 1      8.21                     12.42  -4.21     9.79

DEGREE DAYS
 HEATING
  YESTERDAY        0                         7     -7        5
  MONTH TO DATE   14                        48    -34       37
  SINCE MAR 1   1041                      1149   -108     1234
  SINCE JUL 1   4964                      5105   -141     5327

 COOLING
  YESTERDAY        4                         1      3        0
  MONTH TO DATE   10                         6      4        0
  SINCE MAR 1     11                        15     -4        7
  SINCE JAN 1     11                        15     -4        7
..................................................................


WIND (MPH)
  HIGHEST WIND SPEED    16   HIGHEST WIND DIRECTION     N (20)
  HIGHEST GUST SPEED    20   HIGHEST GUST DIRECTION    SE (120)
  AVERAGE WIND SPEED     3.9


SKY COVER
  POSSIBLE SUNSHINE  MM
  AVERAGE SKY COVER 0.3


WEATHER CONDITIONS
 THE FOLLOWING WEATHER WAS RECORDED YESTERDAY.
  HEAVY RAIN
  RAIN
  LIGHT RAIN
  FOG
  HAZE


RELATIVE HUMIDITY (PERCENT)
 HIGHEST   100           600 AM
 LOWEST     51           100 PM
 AVERAGE    76

..........................................................


THE MARTINSBURG WV CLIMATE NORMALS FOR TODAY
                         NORMAL    RECORD    YEAR
 MAXIMUM TEMPERATURE (F)   70        93      1943
 MINIMUM TEMPERATURE (F)   47        28      1968


SUNRISE AND SUNSET
MAY  7 2015...........SUNRISE   606 AM EDT   SUNSET   811 PM EDT
MAY  8 2015...........SUNRISE   605 AM EDT   SUNSET   812 PM EDT


-  INDICATES NEGATIVE NUMBERS.
R  INDICATES RECORD WAS SET OR TIED.
MM INDICATES DATA IS MISSING.
T  INDICATES TRACE AMOUNT.




$$
