000
CDUS44 KHUN 060714
CLIMSL


CLIMATE REPORT
NATIONAL WEATHER SERVICE HUNTSVILLE AL
214 AM CDT WED MAY 6 2015


...................................

...THE MUSCLE SHOALS CLIMATE SUMMARY FOR MAY 5 2015...

CLIMATE NORMAL PERIOD 1981 TO 2010
CLIMATE RECORD PERIOD 1893 TO 2015


WEATHER ITEM   OBSERVED TIME   RECORD YEAR NORMAL DEPARTURE LAST
                VALUE   (LST)  VALUE       VALUE  FROM      YEAR
                                                  NORMAL
..................................................................
TEMPERATURE (F)
 YESTERDAY
  MAXIMUM         84    346 PM  93    1952  78      6       86
                                      1902
  MINIMUM         54    526 AM  39    1973  56     -2       58
                                      1903
  AVERAGE         69                        67      2       72

PRECIPITATION (IN)
  YESTERDAY        0.00          2.49 1908   0.16  -0.16     0.00
  MONTH TO DATE    0.00                      0.78  -0.78     0.00
  SINCE MAR 1     11.60                      9.89   1.71     9.22
  SINCE JAN 1     18.88                     19.16  -0.28    14.91

SNOWFALL (IN)
  YESTERDAY        0.0
  MONTH TO DATE    0.0
  SINCE MAR 1      0.7
  SINCE JUL 1      4.2
  SNOW DEPTH       0

DEGREE DAYS
 HEATING
  YESTERDAY        0                         2     -2        0
  MONTH TO DATE   10                        10      0       20
  SINCE MAR 1    453                       548    -95      602
  SINCE JUL 1   3224                      3083    141     3373

 COOLING
  YESTERDAY        4                         4      0        7
  MONTH TO DATE    8                        16     -8       10
  SINCE MAR 1     64                        80    -16       55
  SINCE JAN 1     64                        81    -17       55
..................................................................


WIND (MPH)
  HIGHEST WIND SPEED    12   HIGHEST WIND DIRECTION    SE (140)
  HIGHEST GUST SPEED    16   HIGHEST GUST DIRECTION    SE (140)
  AVERAGE WIND SPEED     3.3


SKY COVER
  POSSIBLE SUNSHINE  MM
  AVERAGE SKY COVER 0.1


WEATHER CONDITIONS
 THE FOLLOWING WEATHER WAS RECORDED YESTERDAY.
  NO SIGNIFICANT WEATHER WAS OBSERVED.


RELATIVE HUMIDITY (PERCENT)
 HIGHEST    87           600 AM
 LOWEST     32           200 PM
 AVERAGE    60

..........................................................


THE MUSCLE SHOALS CLIMATE NORMALS FOR TODAY
                         NORMAL    RECORD    YEAR
 MAXIMUM TEMPERATURE (F)   78        92      1952
                                             1949
 MINIMUM TEMPERATURE (F)   56        39      1968


SUNRISE AND SUNSET
MAY  6 2015...........SUNRISE   555 AM CDT   SUNSET   739 PM CDT
MAY  7 2015...........SUNRISE   554 AM CDT   SUNSET   740 PM CDT


-  INDICATES NEGATIVE NUMBERS.
R  INDICATES RECORD WAS SET OR TIED.
MM INDICATES DATA IS MISSING.
T  INDICATES TRACE AMOUNT.




$$
