000
CDUS45 KMSO 060738
CLIMSO


CLIMATE REPORT
NATIONAL WEATHER SERVICE MISSOULA, MT
138 AM MDT WED MAY 6 2015


...................................

...THE MISSOULA MT CLIMATE SUMMARY FOR MAY 5 2015...

CLIMATE NORMAL PERIOD 1981 TO 2010
CLIMATE RECORD PERIOD 1893 TO 2015


WEATHER ITEM   OBSERVED TIME   RECORD YEAR NORMAL DEPARTURE LAST
                VALUE   (LST)  VALUE       VALUE  FROM      YEAR
                                                  NORMAL
..................................................................
TEMPERATURE (F)
 YESTERDAY
  MAXIMUM         63    358 PM  86    1966  64     -1       58
                                      1911
                                      1897
  MINIMUM         39   1159 PM  22    2010  37      2       39
                                      1996
  AVERAGE         51                        50      1       49

PRECIPITATION (IN)
  YESTERDAY        0.01          0.88 1983   0.05  -0.04     0.13
  MONTH TO DATE    0.01                      0.23  -0.22     0.41
  SINCE OCT 1      8.48                      6.93   1.55     7.96
  SINCE JAN 1      3.17                      4.00  -0.83     6.25

SNOWFALL (IN)
  YESTERDAY        0.0
  MONTH TO DATE    0.0
  SINCE JAN 1     13.3
  SINCE JUL 1     33.9
  SNOW DEPTH       0

DEGREE DAYS
 HEATING
  YESTERDAY       14                        15     -1       16
  MONTH TO DATE   64                        76    -12       52
  SINCE MAR 1   1405                      1470    -65     1534
  SINCE JUL 1   6397                      6839   -442     7044

 COOLING
  YESTERDAY        0                         0      0        0
  MONTH TO DATE    0                         0      0        0
  SINCE MAR 1      0                         0      0        0
  SINCE JAN 1      0                         0      0        0
..................................................................


WIND (MPH)
  HIGHEST WIND SPEED    22   HIGHEST WIND DIRECTION    NW (320)
  HIGHEST GUST SPEED    29   HIGHEST GUST DIRECTION    NW (310)
  AVERAGE WIND SPEED    10.3


SKY COVER
  POSSIBLE SUNSHINE  MM
  AVERAGE SKY COVER 0.3


WEATHER CONDITIONS
 THE FOLLOWING WEATHER WAS RECORDED YESTERDAY.
  LIGHT RAIN


RELATIVE HUMIDITY (PERCENT)
 HIGHEST    71           600 AM
 LOWEST     27           500 PM
 AVERAGE    49

..........................................................


THE MISSOULA MT CLIMATE NORMALS FOR TODAY
                         NORMAL    RECORD    YEAR
 MAXIMUM TEMPERATURE (F)   65        85      1992
                                             1953
 MINIMUM TEMPERATURE (F)   37        25      1999
                                             1977
                                             1927


SUNRISE AND SUNSET
MAY  6 2015...........SUNRISE   614 AM MDT   SUNSET   853 PM MDT
MAY  7 2015...........SUNRISE   612 AM MDT   SUNSET   854 PM MDT


-  INDICATES NEGATIVE NUMBERS.
R  INDICATES RECORD WAS SET OR TIED.
MM INDICATES DATA IS MISSING.
T  INDICATES TRACE AMOUNT.




$$
