000
CDUS41 KBTV 060535
CLIMSS

CLIMATE REPORT
NATIONAL WEATHER SERVICE BURLINGTON VT
133 AM EDT WED MAY 6 2015

...................................

...THE MASSENA NY CLIMATE SUMMARY FOR MAY 5 2015...

CLIMATE NORMAL PERIOD 1981 TO 2010
CLIMATE RECORD PERIOD 1948 TO 2015


WEATHER ITEM   OBSERVED TIME   RECORD YEAR NORMAL DEPARTURE LAST
                VALUE   (LST)  VALUE       VALUE  FROM      YEAR
                                                  NORMAL
..................................................................
TEMPERATURE (F)
 YESTERDAY
  MAXIMUM         68    303 PM  80    2013  63      5       55
                                      1981
  MINIMUM         44    524 AM  20    1974  40      4       41
  AVERAGE         56                        52      4       48

PRECIPITATION (IN)
  YESTERDAY        0.00          0.77        0.10  -0.10     0.00
  MONTH TO DATE    0.19                      0.48  -0.29     0.47
  SINCE MAR 1      3.21                      5.39  -2.18     5.55
  SINCE JAN 1      4.63                      9.34  -4.71     8.29

DEGREE DAYS
 HEATING
  YESTERDAY        9                        13     -4       17
  MONTH TO DATE   29                        71    -42       71
  SINCE MAR 1   1964                      1866     98     2198
  SINCE JUL 1   8130                      7853    277     8367

 COOLING
  YESTERDAY        0                         0      0        0
  MONTH TO DATE    5                         0      5        0
  SINCE MAR 1      5                         1      4        0
  SINCE JAN 1      5                         1      4        0
..................................................................


WIND (MPH)
  HIGHEST WIND SPEED    16   HIGHEST WIND DIRECTION     W (260)
  HIGHEST GUST SPEED    20   HIGHEST GUST DIRECTION     W (260)
  AVERAGE WIND SPEED     4.8


SKY COVER
  AVERAGE SKY COVER 0.0


WEATHER CONDITIONS
 THE FOLLOWING WEATHER WAS RECORDED YESTERDAY.
  FOG
  FOG W/VISIBILITY <= 1/4 MILE


RELATIVE HUMIDITY (PERCENT)
 HIGHEST   100           600 AM
 LOWEST     28           100 PM
 AVERAGE    64

..........................................................


THE MASSENA NY CLIMATE NORMALS FOR TODAY
                         NORMAL    RECORD    YEAR
 MAXIMUM TEMPERATURE (F)   64        82      1999
 MINIMUM TEMPERATURE (F)   40        24      1968


SUNRISE AND SUNSET
MAY  6 2015...........SUNRISE   542 AM EDT   SUNSET   811 PM EDT
MAY  7 2015...........SUNRISE   541 AM EDT   SUNSET   812 PM EDT


-  INDICATES NEGATIVE NUMBERS.
R  INDICATES RECORD WAS SET OR TIED.
MM INDICATES DATA IS MISSING.
T  INDICATES TRACE AMOUNT.

$$
