000
CDUS43 KEAX 070032
CLIOJC


CLIMATE REPORT
NATIONAL WEATHER SERVICE KANSAS CITY/PLEASANT HILL MO
732 PM CDT WED MAY 6 2015


...................................

...THE JOHNSON COUNTY EXECUTIVE KS CLIMATE SUMMARY FOR MAY 6 2015...
VALID TODAY AS OF 0700 PM LOCAL TIME.

CLIMATE NORMAL PERIOD 1981 TO 2010
CLIMATE RECORD PERIOD 9999 TO 9999


WEATHER ITEM   OBSERVED TIME   NORMAL DEPARTURE LAST
                VALUE   (LST)  VALUE  FROM      YEAR
                                      NORMAL
......................................................
TEMPERATURE (F)
 TODAY
  MAXIMUM         75    529 PM  71      4       84
  MINIMUM         62    240 PM  52     10       59
  AVERAGE         69            62      7       72

PRECIPITATION (IN)
  TODAY            0.13          0.19  -0.06     0.00
  MONTH TO DATE    0.69          1.15  -0.46     0.00
  SINCE MAR 1      4.72          7.77  -3.05     5.72
  SINCE JAN 1      6.31         10.46  -4.15     6.21

DEGREE DAYS
 HEATING
  TODAY            0             5     -5        0
  MONTH TO DATE    3            32    -29       32
  SINCE MAR 1    760           970   -210     1130
  SINCE JUL 1   4795          4863    -68     5611

 COOLING
  TODAY            4             1      3        7
  MONTH TO DATE   23             6     17       19
  SINCE MAR 1     32            24      8       24
  SINCE JAN 1     32            24      8       24
......................................................


WIND (MPH)
  HIGHEST WIND SPEED    26   HIGHEST WIND DIRECTION     S (190)
  HIGHEST GUST SPEED    36   HIGHEST GUST DIRECTION     S (190)
  AVERAGE WIND SPEED    14.3


SKY COVER
  AVERAGE SKY COVER 0.8


WEATHER CONDITIONS
 THE FOLLOWING WEATHER WAS RECORDED TODAY.
  THUNDERSTORM
  RAIN
  LIGHT RAIN
  FOG


RELATIVE HUMIDITY (PERCENT)
 HIGHEST    87           800 AM
 LOWEST     63           300 AM
 AVERAGE    75

..........................................................


THE JOHNSON COUNTY EXECUTIVE KS CLIMATE NORMALS FOR TOMORROW
                         NORMAL
 MAXIMUM TEMPERATURE (F)   72
 MINIMUM TEMPERATURE (F)   52


SUNRISE AND SUNSET
MAY  6 2015...........SUNRISE   616 AM CDT   SUNSET   816 PM CDT
MAY  7 2015...........SUNRISE   615 AM CDT   SUNSET   817 PM CDT


-  INDICATES NEGATIVE NUMBERS.
R  INDICATES RECORD WAS SET OR TIED.
MM INDICATES DATA IS MISSING.
T  INDICATES TRACE AMOUNT.




$$
