000
CDUS43 KOAX 070636
CLIOMA


CLIMATE REPORT
NATIONAL WEATHER SERVICE OMAHA NEBRASKA
134 AM CDT THU MAY 7 2015


...................................

...THE OMAHA EPPLEY, NEBRASKA CLIMATE SUMMARY FOR MAY 6 2015...

CLIMATE NORMAL PERIOD 1981 TO 2010
CLIMATE RECORD PERIOD 1871 TO 2015


WEATHER ITEM   OBSERVED TIME   RECORD YEAR NORMAL DEPARTURE LAST
                VALUE   (LST)  VALUE       VALUE  FROM      YEAR
                                                  NORMAL
..................................................................
TEMPERATURE (F)
 YESTERDAY
  MAXIMUM         73    157 PM  96    1934  71      2       80
  MINIMUM         63    652 AM  30    1944  48     15       53
  AVERAGE         68                        59      9       67

PRECIPITATION (IN)
  YESTERDAY        0.77          2.80 2007   0.14   0.63     0.00
  MONTH TO DATE    1.74                      0.80   0.94     0.01
  SINCE MAR 1      5.95                      5.75   0.20     2.84
  SINCE JAN 1      7.09                      7.32  -0.23     3.70

SNOWFALL (IN)
  YESTERDAY        0.0                       0.0    0.0      0.0
  MONTH TO DATE    0.0                       0.1   -0.1      0.0
  SINCE JUL 1     13.8                      26.5  -12.7     17.8
  SNOW DEPTH       0

DEGREE DAYS
 HEATING
  YESTERDAY        0                         7     -7        0
  MONTH TO DATE    9                        45    -36       43
  SINCE MAR 1    980                      1249   -269     1325
  SINCE JUL 1   5691                      6047   -356     6430

 COOLING
  YESTERDAY        3                         1      2        2
  MONTH TO DATE   11                         6      5        2
  SINCE MAR 1     16                        22     -6       17
  SINCE JAN 1     16                        22     -6       17
..................................................................


WIND (MPH)
  HIGHEST WIND SPEED    31   HIGHEST WIND DIRECTION    SE (150)
  HIGHEST GUST SPEED    40   HIGHEST GUST DIRECTION    SE (150)
  AVERAGE WIND SPEED    17.8


SKY COVER
  POSSIBLE SUNSHINE  MM
  AVERAGE SKY COVER 0.9


WEATHER CONDITIONS
 THE FOLLOWING WEATHER WAS RECORDED YESTERDAY.
  THUNDERSTORM
  HEAVY RAIN
  RAIN
  LIGHT RAIN
  FOG


RELATIVE HUMIDITY (PERCENT)
 HIGHEST    93           200 AM
 LOWEST     66           300 PM
 AVERAGE    80

..........................................................


THE OMAHA EPPLEY, NEBRASKA CLIMATE NORMALS FOR TODAY
                         NORMAL    RECORD    YEAR
 MAXIMUM TEMPERATURE (F)   71        96      2014
 MINIMUM TEMPERATURE (F)   48        29      1885


SUNRISE AND SUNSET
MAY  7 2015...........SUNRISE   614 AM CDT   SUNSET   827 PM CDT
MAY  8 2015...........SUNRISE   613 AM CDT   SUNSET   828 PM CDT


-  INDICATES NEGATIVE NUMBERS.
R  INDICATES RECORD WAS SET OR TIED.
MM INDICATES DATA IS MISSING.
T  INDICATES TRACE AMOUNT.




$$
