000
CDUS46 KOTX 210829
CLIOMK


CLIMATE REPORT
NATIONAL WEATHER SERVICE SPOKANE, WA
129 AM PDT TUE APR 21 2015


...................................

...THE OMAK WA AIRPORT CLIMATE SUMMARY FOR APRIL 20 2015...

CLIMATE NORMAL PERIOD 1981 TO 2010
CLIMATE RECORD PERIOD 9999 TO 9999


WEATHER ITEM   OBSERVED TIME   RECORD YEAR NORMAL DEPARTURE LAST
                VALUE   (LST)  VALUE       VALUE  FROM      YEAR
                                                  NORMAL
..................................................................
TEMPERATURE (F)
 YESTERDAY
  MAXIMUM         77    511 PM  89    1934  65     12       64
  MINIMUM         44    530 AM  18    1951  37      7       34
  AVERAGE         61                        51     10       49

PRECIPITATION (IN)
  YESTERDAY        0.00          0.53 2004   0.04  -0.04     0.00
  MONTH TO DATE    0.07                      0.69  -0.62     0.02
  SINCE OCT 1      9.29                     10.30  -1.01     4.17
  SINCE JAN 1      2.72                      4.85  -2.13     3.00

SNOWFALL (IN)
  YESTERDAY       MM

DEGREE DAYS
 HEATING
  YESTERDAY        4                        14    -10       16
  MONTH TO DATE  345                       321     24      306
  SINCE MAR 1    893                      1050   -157     1056
  SINCE JUL 1   5079                      5911   -832     6046

 COOLING
  YESTERDAY        0                         0      0        0
  MONTH TO DATE    0                         0      0        0
  SINCE MAR 1      0                         0      0        0
  SINCE JAN 1      0                         0      0        0
..................................................................


WIND (MPH)
  HIGHEST WIND SPEED    14   HIGHEST WIND DIRECTION     N (360)
  HIGHEST GUST SPEED    19   HIGHEST GUST DIRECTION     N (10)
  AVERAGE WIND SPEED     6.8


SKY COVER
  POSSIBLE SUNSHINE  MM
  AVERAGE SKY COVER 0.0


WEATHER CONDITIONS
 THE FOLLOWING WEATHER WAS RECORDED YESTERDAY.
  NO SIGNIFICANT WEATHER WAS OBSERVED.


RELATIVE HUMIDITY (PERCENT)
 HIGHEST    54           100 AM
 LOWEST     19           400 PM
 AVERAGE    37

..........................................................


THE OMAK WA AIRPORT CLIMATE NORMALS FOR TODAY
                         NORMAL    RECORD    YEAR
 MAXIMUM TEMPERATURE (F)   65        92      1934
 MINIMUM TEMPERATURE (F)   37        22      2008


SUNRISE AND SUNSET
APRIL 21 2015.........SUNRISE   557 AM PDT   SUNSET   758 PM PDT
APRIL 22 2015.........SUNRISE   555 AM PDT   SUNSET   759 PM PDT


-  INDICATES NEGATIVE NUMBERS.
R  INDICATES RECORD WAS SET OR TIED.
MM INDICATES DATA IS MISSING.
T  INDICATES TRACE AMOUNT.




$$
