000
CDUS45 KBOI 260931
CLIONO


CLIMATE REPORT
NATIONAL WEATHER SERVICE BOISE ID
330 AM MDT SUN APR 26 2015


...................................

...THE ONTARIO OR CLIMATE SUMMARY FOR APRIL 25 2015...

CLIMATE NORMAL PERIOD 1981 TO 2010
CLIMATE RECORD PERIOD 1948 TO 2015


WEATHER ITEM   OBSERVED TIME   RECORD YEAR NORMAL DEPARTURE LAST
                VALUE   (LST)  VALUE       VALUE  FROM      YEAR
                                                  NORMAL
..................................................................
TEMPERATURE (F)
 YESTERDAY
  MAXIMUM         65    323 PM  93    1977  68     -3       54
  MINIMUM         39    618 AM  24    2002  38      1       44
  AVERAGE         52                        53     -1       49

PRECIPITATION (IN)
  YESTERDAY        T             0.42 1975   0.03  -0.03     0.17
  MONTH TO DATE    0.50                      0.66  -0.16     1.11
  SINCE OCT 1      6.86                      7.06  -0.20     5.80
  SINCE JAN 1      2.40                      3.65  -1.25     4.29

DEGREE DAYS
 HEATING
  YESTERDAY       13                        12      1       16
  MONTH TO DATE  346                       383    -37      323
  SINCE MAR 1    869                      1053   -184      911
  SINCE JUL 1   4663                      5683  -1020     5667

 COOLING
  YESTERDAY        0                         0      0        0
  MONTH TO DATE    0                         0      0        0
  SINCE MAR 1      0                         0      0        0
  SINCE JAN 1      0                         0      0        0
..................................................................


WIND (MPH)
  HIGHEST WIND SPEED    26   HIGHEST WIND DIRECTION    NW (310)
  HIGHEST GUST SPEED    32   HIGHEST GUST DIRECTION    NW (310)
  AVERAGE WIND SPEED     9.6


SKY COVER
  AVERAGE SKY COVER 0.4


WEATHER CONDITIONS
 THE FOLLOWING WEATHER WAS RECORDED YESTERDAY.
  LIGHT RAIN


RELATIVE HUMIDITY (PERCENT)
 HIGHEST    64           600 AM
 LOWEST     23           200 PM
 AVERAGE    44

..........................................................


THE ONTARIO OR CLIMATE NORMALS FOR TODAY
                         NORMAL    RECORD    YEAR
 MAXIMUM TEMPERATURE (F)   68        88      1987
 MINIMUM TEMPERATURE (F)   38        27      2008
                                             1969


SUNRISE AND SUNSET
APRIL 26 2015.........SUNRISE   647 AM MDT   SUNSET   845 PM MDT
APRIL 27 2015.........SUNRISE   646 AM MDT   SUNSET   846 PM MDT


-  INDICATES NEGATIVE NUMBERS.
R  INDICATES RECORD WAS SET OR TIED.
MM INDICATES DATA IS MISSING.
T  INDICATES TRACE AMOUNT.




$$
