000
CDUS43 KDMX 040630 RRA
CLIOTM

CLIMATE REPORT
NATIONAL WEATHER SERVICE DES MOINES IA
129 AM CDT MON MAY 4 2015


...................................

...THE OTTUMWA IA CLIMATE SUMMARY FOR MAY 3 2015...

CLIMATE NORMAL PERIOD 1981 TO 2010
CLIMATE RECORD PERIOD 1920 TO 2015


WEATHER ITEM   OBSERVED TIME   RECORD YEAR NORMAL DEPARTURE LAST
                VALUE   (LST)  VALUE       VALUE  FROM      YEAR
                                                  NORMAL
..................................................................
TEMPERATURE (F)
 YESTERDAY
  MAXIMUM         83    345 PM  88    1949  68     15       70
  MINIMUM         55    507 AM  24    2005  46      9       42
  AVERAGE         69                        57     12       56

PRECIPITATION (IN)
  YESTERDAY        0.05          2.08 1984   0.14  -0.09      T
  MONTH TO DATE    0.19                      0.43  -0.24     0.02
  SINCE MAR 1      3.19                      6.07  -2.88     6.12
  SINCE JAN 1      4.35                      8.25  -3.90     8.93

DEGREE DAYS
 HEATING
  YESTERDAY        0                         8     -8        9
  MONTH TO DATE   13                        26    -13       38
  SINCE MAR 1   1129                      1271   -142     1464
  SINCE JUL 1   6260                      6156    104     6977

 COOLING
  YESTERDAY        4                         1      3        0
  MONTH TO DATE    4                         3      1        0
  SINCE MAR 1      5                        14     -9        8
  SINCE JAN 1      5                        14     -9        8
..................................................................


WIND (MPH)
  HIGHEST WIND SPEED    28   HIGHEST WIND DIRECTION     S (200)
  HIGHEST GUST SPEED    34   HIGHEST GUST DIRECTION     S (200)
  AVERAGE WIND SPEED    13.0


SKY COVER
  POSSIBLE SUNSHINE  MM
  AVERAGE SKY COVER 0.1


WEATHER CONDITIONS
 THE FOLLOWING WEATHER WAS RECORDED YESTERDAY.
  LIGHT RAIN
  FOG


RELATIVE HUMIDITY (PERCENT)
 HIGHEST    86           300 AM
 LOWEST     40           300 PM
 AVERAGE    63

..........................................................


THE OTTUMWA IA CLIMATE NORMALS FOR TODAY
                         NORMAL    RECORD    YEAR
 MAXIMUM TEMPERATURE (F)   69        88      1949
 MINIMUM TEMPERATURE (F)   46        28      2005


SUNRISE AND SUNSET
MAY  4 2015...........SUNRISE   604 AM CDT   SUNSET   810 PM CDT
MAY  5 2015...........SUNRISE   603 AM CDT   SUNSET   811 PM CDT


-  INDICATES NEGATIVE NUMBERS.
R  INDICATES RECORD WAS SET OR TIED.
MM INDICATES DATA IS MISSING.
T  INDICATES TRACE AMOUNT.




$$
