000
CDUS43 KDDC 181427
CLIP28


CLIMATE REPORT
NATIONAL WEATHER SERVICE DODGE CITY KS
926 AM CDT SAT APR 18 2015


...................................

...THE MEDICINE LODGE KS CLIMATE SUMMARY FOR APRIL 18 2015...
VALID AS OF 0800 AM LOCAL TIME.

CLIMATE NORMAL PERIOD 1981 TO 2010
CLIMATE RECORD PERIOD 1893 TO 2015


WEATHER ITEM   OBSERVED TIME   RECORD YEAR NORMAL DEPARTURE LAST
                VALUE   (LST)  VALUE       VALUE  FROM      YEAR
                                                  NORMAL
..................................................................
TEMPERATURE (F)
 TODAY
  MAXIMUM         62   1258 AM  91    1897  69     -7       72
                                      1994
                                      2002
  MINIMUM         55    508 AM  30    2014  45     10       30
                                      2013
                                      1953
  AVERAGE         59                        57      2       51

PRECIPITATION (IN)
  TODAY            0.00          2.00 1970   0.08  -0.08     0.00
  MONTH TO DATE    2.95                      1.29   1.66     0.21
  SINCE MAR 1      3.33                      3.55  -0.22     0.70
  SINCE JAN 1      4.64                      5.30  -0.66     1.65

..................................................................


WIND (MPH)
  HIGHEST WIND SPEED     7   HIGHEST WIND DIRECTION     E (100)
  HIGHEST GUST SPEED    10   HIGHEST GUST DIRECTION     E (110)



WEATHER CONDITIONS
 THE FOLLOWING WEATHER WAS RECORDED TODAY.
  NO SIGNIFICANT WEATHER WAS OBSERVED.


RELATIVE HUMIDITY (PERCENT)
 HIGHEST   100

..........................................................


THE MEDICINE LODGE KS CLIMATE NORMALS FOR TOMORROW
                         NORMAL    RECORD    YEAR
 MAXIMUM TEMPERATURE (F)   70        97      1961
 MINIMUM TEMPERATURE (F)   45        27      1939


SUNRISE AND SUNSET
APRIL 18 2015.........SUNRISE   656 AM CDT   SUNSET   812 PM CDT
APRIL 19 2015.........SUNRISE   655 AM CDT   SUNSET   813 PM CDT


-  INDICATES NEGATIVE NUMBERS.
R  INDICATES RECORD WAS SET OR TIED.
MM INDICATES DATA IS MISSING.
T  INDICATES TRACE AMOUNT.




$$
