000
CDUS45 KRIW 050742
CLIP60


CLIMATE REPORT
NATIONAL WEATHER SERVICE RIVERTON WY
142 AM MDT TUE MAY 5 2015


...................................

...THE LAKE YELLOWSTONE WY CLIMATE SUMMARY FOR MAY 4 2015...

CLIMATE NORMAL PERIOD 1981 TO 2010
CLIMATE RECORD PERIOD 1998 TO 2015


WEATHER ITEM   OBSERVED TIME   RECORD YEAR NORMAL DEPARTURE LAST
                VALUE   (LST)  VALUE       VALUE  FROM      YEAR
                                                  NORMAL
..................................................................
TEMPERATURE (F)
 YESTERDAY
  MAXIMUM         58    311 PM  64    2004  48     10       51
  MINIMUM         26    533 AM  14    2001  25      1       32
  AVERAGE         42                        37      5       42

PRECIPITATION (IN)
  YESTERDAY        0.00          0.25 2003   0.07  -0.07     0.00
  MONTH TO DATE    0.04                      0.28  -0.24     0.00
  SINCE MAR 1      1.78                      3.57  -1.79     8.36
  SINCE JAN 1      4.67                      7.09  -2.42    13.44

DEGREE DAYS
 HEATING
  YESTERDAY       23                        28     -5       23
  MONTH TO DATE   90                       115    -25       96
  SINCE MAR 1   2252                      2429   -177     2583
  SINCE JUL 1   9816                     10366   -550    10636

 COOLING
  YESTERDAY        0                         0      0        0
  MONTH TO DATE    0                         0      0        0
  SINCE MAR 1      0                         0      0        0
  SINCE JAN 1      0                         0      0        0
..................................................................


WIND (MPH)
  HIGHEST WIND SPEED    14   HIGHEST WIND DIRECTION    NW (300)
  HIGHEST GUST SPEED    20   HIGHEST GUST DIRECTION    NW (330)
  AVERAGE WIND SPEED     1.8


SKY COVER
  POSSIBLE SUNSHINE  MM
  AVERAGE SKY COVER 0.0


WEATHER CONDITIONS
 THE FOLLOWING WEATHER WAS RECORDED YESTERDAY.
  NO SIGNIFICANT WEATHER WAS OBSERVED.


RELATIVE HUMIDITY (PERCENT)
 HIGHEST    92          1200 AM
 LOWEST     35           500 PM
 AVERAGE    64

..........................................................


THE LAKE YELLOWSTONE WY CLIMATE NORMALS FOR TODAY
                         NORMAL    RECORD    YEAR
 MAXIMUM TEMPERATURE (F)   48        62      2004
 MINIMUM TEMPERATURE (F)   26         3      2010


SUNRISE AND SUNSET
MAY  5 2015...........SUNRISE   607 AM MDT   SUNSET   831 PM MDT
MAY  6 2015...........SUNRISE   605 AM MDT   SUNSET   832 PM MDT


-  INDICATES NEGATIVE NUMBERS.
R  INDICATES RECORD WAS SET OR TIED.
MM INDICATES DATA IS MISSING.
T  INDICATES TRACE AMOUNT.




$$
