000
CDUS46 KPDT 260935
CLIPDT

CLIMATE REPORT
NATIONAL WEATHER SERVICE PENDLETON OR
159 AM PDT SUN APR 26 2015


...................................

...THE PENDLETON OR CLIMATE SUMMARY FOR APRIL 25 2015...

CLIMATE NORMAL PERIOD 1981 TO 2010
CLIMATE RECORD PERIOD 1890 TO 2015


WEATHER ITEM   OBSERVED TIME   RECORD YEAR NORMAL DEPARTURE LAST
                VALUE   (LST)  VALUE       VALUE  FROM      YEAR
                                                  NORMAL
..................................................................
TEMPERATURE (F)
 YESTERDAY
  MAXIMUM         57    340 PM  94    1910  64     -7       55
  MINIMUM         36    457 AM  22    1924  40     -4       41
  AVERAGE         47                        52     -5       48

PRECIPITATION (IN)
  YESTERDAY        T             0.98 1989   0.04  -0.04      T
  MONTH TO DATE    0.28                      0.99  -0.71     1.02
  SINCE OCT 1      7.72                      8.85  -1.13     7.43
  SINCE JAN 1      3.02                      4.85  -1.83     5.64

SNOWFALL (IN)
  YESTERDAY        0.0           0.0  2002   0.0    0.0      0.0
                                      2001
                                      2000
  MONTH TO DATE    T                         0.0    0.0      0.0
  SINCE JAN 1      0.4                       7.7   -7.3     15.2
  SINCE JUL 1      7.2                      15.2   -8.0     21.7
  SNOW DEPTH       0

DEGREE DAYS
 HEATING
  YESTERDAY       18                        13      5       17
  MONTH TO DATE  420                       371     49      344
  SINCE MAR 1    890                       988    -98      945
  SINCE JUL 1   4383                      4887   -504     5210

 COOLING
  YESTERDAY        0                         0      0        0
  MONTH TO DATE    0                         0      0        0
  SINCE MAR 1      0                         0      0        0
  SINCE JAN 1      0                         0      0        0
..................................................................


WIND (MPH)
  HIGHEST WIND SPEED    22   HIGHEST WIND DIRECTION     W (270)
  HIGHEST GUST SPEED    26   HIGHEST GUST DIRECTION     W (270)
  AVERAGE WIND SPEED     6.2


SKY COVER
  POSSIBLE SUNSHINE  MM
  AVERAGE SKY COVER 0.6


WEATHER CONDITIONS
 THE FOLLOWING WEATHER WAS RECORDED YESTERDAY.
  LIGHT RAIN


RELATIVE HUMIDITY (PERCENT)
 HIGHEST    89           500 AM
 LOWEST     43           400 PM
 AVERAGE    66

..........................................................


THE PENDLETON OR CLIMATE NORMALS FOR TODAY
                         NORMAL    RECORD    YEAR
 MAXIMUM TEMPERATURE (F)   64        86      1904
 MINIMUM TEMPERATURE (F)   41        25      1924
                                             1918


SUNRISE AND SUNSET
APRIL 26 2015.........SUNRISE   551 AM PDT   SUNSET   756 PM PDT
APRIL 27 2015.........SUNRISE   550 AM PDT   SUNSET   757 PM PDT


-  INDICATES NEGATIVE NUMBERS.
R  INDICATES RECORD WAS SET OR TIED.
MM INDICATES DATA IS MISSING.
T  INDICATES TRACE AMOUNT.




$$
