000
CDUS46 KPQR 041145
CLIPDX


CLIMATE REPORT
NATIONAL WEATHER SERVICE PORTLAND OREGON
444 AM PDT MON MAY 4 2015


...................................

...THE PORTLAND OR CLIMATE SUMMARY FOR MAY 3 2015...

CLIMATE NORMAL PERIOD 1981 TO 2010
CLIMATE RECORD PERIOD 1940 TO 2015


WEATHER ITEM   OBSERVED TIME   RECORD YEAR NORMAL DEPARTURE LAST
                VALUE   (LST)  VALUE       VALUE  FROM      YEAR
                                                  NORMAL
..................................................................
TEMPERATURE (F)
 YESTERDAY
  MAXIMUM         76    447 PM  89    1992  65     11       61
  MINIMUM         46    511 AM  33    1964  46      0       50
  AVERAGE         61                        56      5       56

PRECIPITATION (IN)
  YESTERDAY        0.00          0.76 2012   0.08  -0.08     0.18
  MONTH TO DATE    0.00                      0.23  -0.23     0.18
  SINCE OCT 1     28.48                     29.30  -0.82    24.37
  SINCE JAN 1     13.50                     15.18  -1.68    18.55

DEGREE DAYS
 HEATING
  YESTERDAY        4                        10     -6        9
  MONTH TO DATE   13                        30    -17        9
  SINCE MAR 1    756                       935   -179      825
  SINCE JUL 1   3228                      3993   -765     4123

 COOLING
  YESTERDAY        0                         0      0        0
  MONTH TO DATE    0                         0      0        6
  SINCE MAR 1      2                         1      1        9
  SINCE JAN 1      2                         1      1        9
..................................................................


WIND (MPH)
  HIGHEST WIND SPEED    12   HIGHEST WIND DIRECTION    NW (320)
  HIGHEST GUST SPEED    16   HIGHEST GUST DIRECTION    NW (320)
  AVERAGE WIND SPEED     5.8


SKY COVER
  POSSIBLE SUNSHINE  MM
  AVERAGE SKY COVER 0.1


WEATHER CONDITIONS
 THE FOLLOWING WEATHER WAS RECORDED YESTERDAY.
  NO SIGNIFICANT WEATHER WAS OBSERVED.


RELATIVE HUMIDITY (PERCENT)
 HIGHEST    86           500 AM
 LOWEST     27           400 PM
 AVERAGE    57

..........................................................


THE PORTLAND OR CLIMATE NORMALS FOR TODAY
                         NORMAL    RECORD    YEAR
 MAXIMUM TEMPERATURE (F)   65        89      1992
 MINIMUM TEMPERATURE (F)   46        34      1962


SUNRISE AND SUNSET
MAY  4 2015...........SUNRISE   554 AM PDT   SUNSET   821 PM PDT
MAY  5 2015...........SUNRISE   553 AM PDT   SUNSET   822 PM PDT


-  INDICATES NEGATIVE NUMBERS.
R  INDICATES RECORD WAS SET OR TIED.
MM INDICATES DATA IS MISSING.
T  INDICATES TRACE AMOUNT.




$$
