000
CDUS41 KPHI 190627
CLIPHL


CLIMATE REPORT
NATIONAL WEATHER SERVICE MOUNT HOLLY NJ
226 AM EDT SUN APR 19 2015


...................................

...THE PHILADELPHIA PA CLIMATE SUMMARY FOR APRIL 18 2015...

CLIMATE NORMAL PERIOD 1981 TO 2010
CLIMATE RECORD PERIOD 1872 TO 2015


WEATHER ITEM   OBSERVED TIME   RECORD YEAR NORMAL DEPARTURE LAST
                VALUE   (LST)  VALUE       VALUE  FROM      YEAR
                                                  NORMAL
..................................................................
TEMPERATURE (F)
 YESTERDAY
  MAXIMUM         81    436 PM  94    1976  65     16       55
  MINIMUM         54    512 AM  25    1875  45      9       39
  AVERAGE         68                        55     13       47

PRECIPITATION (IN)
  YESTERDAY        0.00          2.16 1924   0.11  -0.11     0.00
  MONTH TO DATE    0.75                      2.21  -1.46     1.38
  SINCE MAR 1      6.27                      6.00   0.27     5.61
  SINCE JAN 1     13.15                     11.68   1.47    14.28

SNOWFALL (IN)
  YESTERDAY        0.0           T    2001   0.0    0.0      0.0
                                      1997
                                      1921
  MONTH TO DATE    0.0                       0.4   -0.4       T
  SINCE MAR 1     12.0                       3.3    8.7      8.5
  SINCE JUL 1     27.0                      22.3    4.7     68.0
  SNOW DEPTH       0

DEGREE DAYS
 HEATING
  YESTERDAY        0                        11    -11       18
  MONTH TO DATE  185                       241    -56      215
  SINCE MAR 1    978                       906     72     1016
  SINCE JUL 1   4631                      4388    243     4672

 COOLING
  YESTERDAY        3                         0      3        0
  MONTH TO DATE    3                         0      3        9
  SINCE MAR 1      3                         1      2        9
  SINCE JAN 1      3                         1      2        9
..................................................................


WIND (MPH)
  HIGHEST WIND SPEED    18   HIGHEST WIND DIRECTION    NE (30)
  HIGHEST GUST SPEED    24   HIGHEST GUST DIRECTION     N (10)
  AVERAGE WIND SPEED     6.9


SKY COVER
  POSSIBLE SUNSHINE  MM
  AVERAGE SKY COVER 0.5


WEATHER CONDITIONS
 THE FOLLOWING WEATHER WAS RECORDED YESTERDAY.
  FOG


RELATIVE HUMIDITY (PERCENT)
 HIGHEST    86           200 AM
 LOWEST     19           100 PM
 AVERAGE    53

..........................................................


THE PHILADELPHIA PA CLIMATE NORMALS FOR TODAY
                         NORMAL    RECORD    YEAR
 MAXIMUM TEMPERATURE (F)   65        91      1896
 MINIMUM TEMPERATURE (F)   45        20      1875


SUNRISE AND SUNSET
APRIL 19 2015.........SUNRISE   618 AM EDT   SUNSET   743 PM EDT
APRIL 20 2015.........SUNRISE   616 AM EDT   SUNSET   744 PM EDT


-  INDICATES NEGATIVE NUMBERS.
R  INDICATES RECORD WAS SET OR TIED.
MM INDICATES DATA IS MISSING.
T  INDICATES TRACE AMOUNT.




$$
