000
CDUS45 KPSR 050807
CLIPHX

CDUS45 KPSR DDHHMM
CLIPHX

CLIMATE REPORT
NATIONAL WEATHER SERVICE PHOENIX AZ
106 AM MST TUE MAY 5 2015

...................................

...THE PHOENIX AZ CLIMATE SUMMARY FOR MAY 4 2015...

CLIMATE NORMAL PERIOD 1981 TO 2010
CLIMATE RECORD PERIOD 1895 TO 2015


WEATHER ITEM   OBSERVED TIME   RECORD YEAR NORMAL DEPARTURE LAST
                VALUE   (LST)  VALUE       VALUE  FROM      YEAR
                                                  NORMAL
..................................................................
TEMPERATURE (F)
 YESTERDAY
  MAXIMUM         85    218 PM 106    1947  91     -6      101
  MINIMUM         65    516 AM  45    1899  66     -1       69
  AVERAGE         75                        78     -3       85

PRECIPITATION (IN)
  YESTERDAY        0.24          0.91 1976   0.01   0.23     0.00
  MONTH TO DATE    0.24                      0.02   0.22     0.00
  SINCE OCT 1      2.61                      5.23  -2.62     3.81
  SINCE JAN 1      1.57                      3.12  -1.55     0.99

SNOWFALL (IN)
  YESTERDAY        0.0
  MONTH TO DATE    0.0
  SINCE JAN 1      0.0
  SINCE JUL 1      0.0
  SNOW DEPTH       0

DEGREE DAYS
 HEATING
  YESTERDAY        0                         0      0        0
  MONTH TO DATE    0                         0      0        0
  SINCE MAR 1     25                       101    -76       12
  SINCE JUL 1    520                       934   -414      546

 COOLING
  YESTERDAY       10                        14     -4       20
  MONTH TO DATE   72                        53     19       72
  SINCE MAR 1    614                       391    223      515
  SINCE JAN 1    662                       408    254      577
..................................................................


WIND (MPH)
  HIGHEST WIND SPEED    28   HIGHEST WIND DIRECTION     W (280)
  HIGHEST GUST SPEED    33   HIGHEST GUST DIRECTION     W (270)
  AVERAGE WIND SPEED    10.6


SKY COVER
  AVERAGE SKY COVER 0.7


WEATHER CONDITIONS
 THE FOLLOWING WEATHER WAS RECORDED YESTERDAY.
  THUNDERSTORM
  HEAVY RAIN
  RAIN
  LIGHT RAIN
  HAZE


RELATIVE HUMIDITY (PERCENT)
 HIGHEST    73           700 AM
 LOWEST     26           600 PM
 AVERAGE    50

..........................................................


THE PHOENIX AZ CLIMATE NORMALS FOR TODAY
                         NORMAL    RECORD    YEAR
 MAXIMUM TEMPERATURE (F)   91       105      1989
                                             1947
 MINIMUM TEMPERATURE (F)   66        45      1964
                                             1905


SUNRISE AND SUNSET
MAY  5 2015...........SUNRISE   536 AM MST   SUNSET   714 PM MST
MAY  6 2015...........SUNRISE   535 AM MST   SUNSET   715 PM MST


-  INDICATES NEGATIVE NUMBERS.
R  INDICATES RECORD WAS SET OR TIED.
MM INDICATES DATA IS MISSING.
T  INDICATES TRACE AMOUNT.

&&
.....................................................................

DEW POINT
  HIGHEST DEW POINT    62
   LOWEST DEW POINT    43
  AVERAGE DEW POINT    53
.....................................................................

$$
