000
CDUS43 KILX 270634
CLIPIA


CLIMATE REPORT
NATIONAL WEATHER SERVICE LINCOLN IL
134 AM CDT MON APR 27 2015


...................................

...THE PEORIA IL CLIMATE SUMMARY FOR APRIL 26 2015...

CLIMATE NORMAL PERIOD 1981 TO 2010
CLIMATE RECORD PERIOD 1883 TO 2015


WEATHER ITEM   OBSERVED TIME   RECORD YEAR NORMAL DEPARTURE LAST
                VALUE   (LST)  VALUE       VALUE  FROM      YEAR
                                                  NORMAL
..................................................................
TEMPERATURE (F)
 YESTERDAY
  MAXIMUM         61    346 PM  90    1986  67     -6       78
  MINIMUM         39    544 AM  29    1919  45     -6       48
  AVERAGE         50                        56     -6       63

PRECIPITATION (IN)
  YESTERDAY        0.00          1.71 1943   0.13  -0.13      T
  MONTH TO DATE    3.38                      3.11   0.27     2.84
  SINCE MAR 1      4.03                      5.91  -1.88     4.78
  SINCE JAN 1      7.75                      9.48  -1.73     9.65

SNOWFALL (IN)
  YESTERDAY        0.0           0.0    MM   0.0    0.0      0.0
  MONTH TO DATE    0.0                       0.6   -0.6      0.3
  SINCE MAR 1      2.7                       3.3   -0.6      7.4
  SINCE JUL 1     27.0                      24.6    2.4     57.6
  SNOW DEPTH       0

DEGREE DAYS
 HEATING
  YESTERDAY       15                        10      5        2
  MONTH TO DATE  234                       360   -126      322
  SINCE MAR 1    977                      1116   -139     1256
  SINCE JUL 1   5683                      5632     51     6435

 COOLING
  YESTERDAY        0                         1     -1        0
  MONTH TO DATE   11                         9      2        6
  SINCE MAR 1     11                        10      1        6
  SINCE JAN 1     11                        10      1        6
..................................................................


WIND (MPH)
  HIGHEST WIND SPEED    18   HIGHEST WIND DIRECTION    NE (60)
  HIGHEST GUST SPEED    27   HIGHEST GUST DIRECTION     E (80)
  AVERAGE WIND SPEED     7.9


SKY COVER
  POSSIBLE SUNSHINE  MM
  AVERAGE SKY COVER 0.1


WEATHER CONDITIONS
 THE FOLLOWING WEATHER WAS RECORDED YESTERDAY.
  NO SIGNIFICANT WEATHER WAS OBSERVED.


RELATIVE HUMIDITY (PERCENT)
 HIGHEST    71          1200 AM
 LOWEST     36           300 PM
 AVERAGE    54

..........................................................


THE PEORIA IL CLIMATE NORMALS FOR TODAY
                         NORMAL    RECORD    YEAR
 MAXIMUM TEMPERATURE (F)   67        86      1986
                                             1956
                                             1894
 MINIMUM TEMPERATURE (F)   46        30      1932
                                             1931


SUNRISE AND SUNSET
APRIL 27 2015.........SUNRISE   603 AM CDT   SUNSET   750 PM CDT
APRIL 28 2015.........SUNRISE   602 AM CDT   SUNSET   751 PM CDT


-  INDICATES NEGATIVE NUMBERS.
R  INDICATES RECORD WAS SET OR TIED.
MM INDICATES DATA IS MISSING.
T  INDICATES TRACE AMOUNT.




$$
