000
CDUS45 KPIH 192332
CLIPIH


CLIMATE REPORT
NATIONAL WEATHER SERVICE POCATELLO ID
523 PM MDT SUN APR 19 2015


...................................

...THE POCATELLO ID CLIMATE SUMMARY FOR APRIL 19 2015...
VALID TODAY AS OF 0500 PM LOCAL TIME.

CLIMATE NORMAL PERIOD 1981 TO 2010
CLIMATE RECORD PERIOD 1939 TO 2015


WEATHER ITEM   OBSERVED TIME   RECORD YEAR NORMAL DEPARTURE LAST
                VALUE   (LST)  VALUE       VALUE  FROM      YEAR
                                                  NORMAL
..................................................................
TEMPERATURE (F)
 TODAY
  MAXIMUM         63    153 PM  83    1994  59      4       71
                                      1962
  MINIMUM         33    639 AM  19    1982  33      0       27
  AVERAGE         48                        46      2       49

PRECIPITATION (IN)
  TODAY            0.00          0.39 2002   0.04  -0.04     0.00
  MONTH TO DATE    0.39                      0.68  -0.29     0.43
  SINCE OCT 1      4.13                      7.12  -2.99     5.80
  SINCE JAN 1      1.74                      3.90  -2.16     4.43

SNOWFALL (IN)
  TODAY            0.0
  MONTH TO DATE    2.9
  SINCE MAR 1      5.5
  SINCE JUL 1     20.3
  SNOW DEPTH       0

DEGREE DAYS
 HEATING
  TODAY           17                        19     -2       16
  MONTH TO DATE  398                       394      4      358
  SINCE MAR 1   1035                      1233   -198     1089
  SINCE JUL 1   5376                      6506  -1130     6069

 COOLING
  TODAY            0                         0      0        0
  MONTH TO DATE    0                         0      0        0
  SINCE MAR 1      0                         0      0        0
  SINCE JAN 1      0                         0      0        0
..................................................................


WIND (MPH)
  HIGHEST WIND SPEED    18   HIGHEST WIND DIRECTION    NE (40)
  HIGHEST GUST SPEED    22   HIGHEST GUST DIRECTION    NE (30)
  AVERAGE WIND SPEED     7.2


SKY COVER
  POSSIBLE SUNSHINE  MM
  AVERAGE SKY COVER 0.1


WEATHER CONDITIONS
 THE FOLLOWING WEATHER WAS RECORDED TODAY.
  NO SIGNIFICANT WEATHER WAS OBSERVED.


RELATIVE HUMIDITY (PERCENT)
 HIGHEST    70           400 AM
 LOWEST     17          1100 AM
 AVERAGE    44

..........................................................


THE POCATELLO ID CLIMATE NORMALS FOR TOMORROW
                         NORMAL    RECORD    YEAR
 MAXIMUM TEMPERATURE (F)   60        83      1994
 MINIMUM TEMPERATURE (F)   34        17      1982


SUNRISE AND SUNSET
APRIL 19 2015.........SUNRISE   643 AM MDT   SUNSET   817 PM MDT
APRIL 20 2015.........SUNRISE   641 AM MDT   SUNSET   818 PM MDT


-  INDICATES NEGATIVE NUMBERS.
R  INDICATES RECORD WAS SET OR TIED.
MM INDICATES DATA IS MISSING.
T  INDICATES TRACE AMOUNT.




$$
