000
CDUS46 KLOX 260112
CLIPMD


CLIMATE REPORT
NATIONAL WEATHER SERVICE LOS ANGELES/OXNARD CA
611 PM PDT SAT APR 25 2015


...................................

...THE PALMDALE AIRPORT CA CLIMATE SUMMARY FOR APRIL 25 2015...
VALID TODAY AS OF 0600 PM LOCAL TIME.

CLIMATE NORMAL PERIOD 1981 TO 2010
CLIMATE RECORD PERIOD 1931 TO 2015


WEATHER ITEM   OBSERVED TIME   RECORD YEAR NORMAL DEPARTURE LAST
                VALUE   (LST)  VALUE       VALUE  FROM      YEAR
                                                  NORMAL
..................................................................
TEMPERATURE (F)
 TODAY
  MAXIMUM         63   1220 PM  92    1996  75    -12       70
  MINIMUM         49    407 AM  30    1974  46      3       40
  AVERAGE         56                        61     -5       55

PRECIPITATION (IN)
  TODAY            0.08          0.21 1951   0.01   0.07     0.02
  MONTH TO DATE    0.08                      0.41  -0.33     0.13
  SINCE OCT 1      4.12                      7.37  -3.25     4.03
  SINCE JAN 1      1.55                      4.92  -3.37     2.09

SNOWFALL (IN)
  TODAY           MM             0.0  2001  MM              MM
  MONTH TO DATE    0.0                      MM               0.0
  SINCE MAR 1      0.0                      MM               0.0
  SINCE JUL 1      0.0                      MM               0.0
  SNOW DEPTH       0

DEGREE DAYS
 HEATING
  TODAY            9                         5      4       10
  MONTH TO DATE  154                       205    -51      110
  SINCE MAR 1    338                       581   -243      373
  SINCE JUL 1   1993                      2826   -833     2271

 COOLING
  TODAY            0                         1     -1        0
  MONTH TO DATE   11                        10      1       43
  SINCE MAR 1     19                        12      7       43
  SINCE JAN 1     19                        12      7       44
..................................................................


WIND (MPH)
  HIGHEST WIND SPEED    33   HIGHEST WIND DIRECTION    SW (230)
  HIGHEST GUST SPEED    39   HIGHEST GUST DIRECTION    SW (230)
  AVERAGE WIND SPEED    17.4


SKY COVER
  POSSIBLE SUNSHINE  MM
  AVERAGE SKY COVER 0.2


WEATHER CONDITIONS
 THE FOLLOWING WEATHER WAS RECORDED TODAY.
  LIGHT RAIN
  FOG


RELATIVE HUMIDITY (PERCENT)
 HIGHEST    83           200 PM
 LOWEST     46          1000 AM
 AVERAGE    65

..........................................................


THE PALMDALE AIRPORT CA CLIMATE NORMALS FOR TOMORROW
                         NORMAL    RECORD    YEAR
 MAXIMUM TEMPERATURE (F)   76        98      1996
 MINIMUM TEMPERATURE (F)   46        31      1974


SUNRISE AND SUNSET
APRIL 25 2015.........SUNRISE   609 AM PDT   SUNSET   732 PM PDT
APRIL 26 2015.........SUNRISE   608 AM PDT   SUNSET   733 PM PDT


-  INDICATES NEGATIVE NUMBERS.
R  INDICATES RECORD WAS SET OR TIED.
MM INDICATES DATA IS MISSING.
T  INDICATES TRACE AMOUNT.




$$
