000
CDUS43 KLOT 260636
CLIPWK


CLIMATE REPORT
NATIONAL WEATHER SERVICE CHICAGO IL
136 AM CDT SUN APR 26 2015


...................................

...THE CHICAGO EXECUTIVE CLIMATE SUMMARY FOR APRIL 25 2015...

CLIMATE NORMAL PERIOD 1981 TO 2010
CLIMATE RECORD PERIOD 1996 TO 2015


WEATHER ITEM   OBSERVED TIME   RECORD YEAR NORMAL DEPARTURE LAST
                VALUE   (LST)  VALUE       VALUE  FROM      YEAR
                                                  NORMAL
..................................................................
TEMPERATURE (F)
 YESTERDAY
  MAXIMUM         46    321 PM  81    2008  62    -16       70
  MINIMUM         38   1159 PM  33    1999  41     -3       44
  AVERAGE         42                        51     -9       57

PRECIPITATION (IN)
  YESTERDAY        0.10          0.65 2007   0.11  -0.01     0.22
  MONTH TO DATE    3.16                      2.20   0.96     1.64
  SINCE MAR 1      3.47                      4.45  -0.98     2.19
  SINCE JAN 1      4.16                      7.03  -2.87     4.32

DEGREE DAYS
 HEATING
  YESTERDAY       23                        14      9        8
  MONTH TO DATE  397                       456    -59      431
  SINCE MAR 1   1321                      1309     12     1478
  SINCE JUL 1   6449                      6047    402     6837

 COOLING
  YESTERDAY        0                         0      0        0
  MONTH TO DATE    0                         0      0        0
  SINCE MAR 1      0                         0      0        0
  SINCE JAN 1      0                         0      0        0
..................................................................


WIND (MPH)
  RESULTANT WIND SPEED   9   RESULTANT WIND DIRECTION  NE (60)
  HIGHEST WIND SPEED    17   HIGHEST WIND DIRECTION    NE (50)
  HIGHEST GUST SPEED    23   HIGHEST GUST DIRECTION    NE (50)
  AVERAGE WIND SPEED     9.7



WEATHER CONDITIONS
 THE FOLLOWING WEATHER WAS RECORDED YESTERDAY.
  LIGHT RAIN
  FOG


..........................................................


THE CHICAGO EXECUTIVE CLIMATE NORMALS FOR TODAY
                         NORMAL    RECORD    YEAR
 MAXIMUM TEMPERATURE (F)   62        78      2009
 MINIMUM TEMPERATURE (F)   41        29      2006


SUNRISE AND SUNSET
APRIL 26 2015.........SUNRISE   555 AM CDT   SUNSET   745 PM CDT
APRIL 27 2015.........SUNRISE   553 AM CDT   SUNSET   746 PM CDT


-  INDICATES NEGATIVE NUMBERS.
R  INDICATES RECORD WAS SET OR TIED.
MM INDICATES DATA IS MISSING.
T  INDICATES TRACE AMOUNT.




$$
