000
CDUS43 KUNR 061838
CLIRAP


CLIMATE REPORT
NATIONAL WEATHER SERVICE RAPID CITY SD
1238 PM MDT WED MAY 6 2015


...................................

...THE RAPID CITY AIRPORT SD CLIMATE SUMMARY FOR MAY 6 2015...
VALID AS OF 1100 AM LOCAL TIME.

CLIMATE NORMAL PERIOD 1981 TO 2010
CLIMATE RECORD PERIOD 1942 TO 2015


WEATHER ITEM   OBSERVED TIME   RECORD YEAR NORMAL DEPARTURE LAST
                VALUE   (LST)  VALUE       VALUE  FROM      YEAR
                                                  NORMAL
..................................................................
TEMPERATURE (F)
 TODAY
  MAXIMUM         61   1059 AM  85    1992  65     -4       60
  MINIMUM         53    610 AM  26    1989  39     14       43
  AVERAGE         57                        52      5       52

PRECIPITATION (IN)
  TODAY            0.22          0.66 1995   0.09   0.13     0.00
  MONTH TO DATE    0.44                      0.55  -0.11      T
  SINCE MAR 1      1.20                      3.28  -2.08     3.36
  SINCE JAN 1      1.63                      4.02  -2.39     3.85

SNOWFALL (IN)
  TODAY            0.0           0.4  2010   0.0    0.0      0.0
  MONTH TO DATE    0.0                       0.5   -0.5      0.0
  SINCE MAR 1      1.2                      17.1  -15.9     20.7
  SINCE JUL 1     36.2                      40.5   -4.3     63.7
  SNOW DEPTH       0

DEGREE DAYS
 HEATING
  TODAY            8                        13     -5       13
  MONTH TO DATE   50                        85    -35       89
  SINCE MAR 1   1332                      1604   -272     1752
  SINCE JUL 1   6440                      6814   -374     7385

 COOLING
  TODAY            0                         0      0        0
  MONTH TO DATE    0                         0      0        0
  SINCE MAR 1      0                         2     -2        0
  SINCE JAN 1      0                         2     -2        0
..................................................................


WIND (MPH)
  HIGHEST WIND SPEED    13   HIGHEST WIND DIRECTION    SE (130)
  HIGHEST GUST SPEED    16   HIGHEST GUST DIRECTION    SE (130)
  AVERAGE WIND SPEED     6.2


SKY COVER
  AVERAGE SKY COVER 1.0


WEATHER CONDITIONS
 THE FOLLOWING WEATHER WAS RECORDED TODAY.
  LIGHT RAIN
  FOG


RELATIVE HUMIDITY (PERCENT)
 HIGHEST   100           500 AM
 LOWEST     84          1100 AM
 AVERAGE    92

..........................................................


THE RAPID CITY AIRPORT SD CLIMATE NORMALS FOR TOMORROW
                         NORMAL    RECORD    YEAR
 MAXIMUM TEMPERATURE (F)   65        90      1992
 MINIMUM TEMPERATURE (F)   39        25      2010


SUNRISE AND SUNSET
MAY  6 2015...........SUNRISE   537 AM MDT   SUNSET   801 PM MDT
MAY  7 2015...........SUNRISE   536 AM MDT   SUNSET   802 PM MDT


-  INDICATES NEGATIVE NUMBERS.
R  INDICATES RECORD WAS SET OR TIED.
MM INDICATES DATA IS MISSING.
T  INDICATES TRACE AMOUNT.




$$
