000
CDUS46 KSTO 280839
CLIRDD

CLIMATE REPORT
NATIONAL WEATHER SERVICE SACRAMENTO, CA
135 AM PDT TUE APR 28 2015


..........................................................

...THE REDDING AIRPORT CA CLIMATE SUMMARY FOR APRIL 27 2015...

CLIMATE NORMAL PERIOD 1981 TO 2010
CLIMATE RECORD PERIOD 1986 TO 2015


WEATHER ITEM   OBSERVED RECORD YEAR NORMAL DEPARTURE LAST
                VALUE   VALUE       VALUE  FROM      YEAR
                                           NORMAL
...........................................................
TEMPERATURE (F)
 YESTERDAY
  MAXIMUM         92     94    2004  74     18       62
  MINIMUM         63     39    2012  48     15       47
                               1991
  AVERAGE         78

PRECIPITATION (IN)
  YESTERDAY        0.00   0.48 1995   0.08  -0.08      T
  MONTH TO DATE    1.18               2.27  -1.09     0.17
  SINCE OCT 1     22.13              30.96  -8.83    16.23
  SINCE JAN 1      5.88              18.11 -12.23    14.12

SNOWFALL (IN)
  YESTERDAY        0.0   MM      MM  MM              MM
  MONTH TO DATE    0.0               MM               0.0
  SINCE MAR 1      0.0               MM               0.0
  SINCE JUL 1      0.0               MM               5.0

DEGREE DAYS
 HEATING
  YESTERDAY        0

 COOLING
  YESTERDAY       13
...........................................................


WIND (MPH)
  RESULTANT WIND SPEED   7   RESULTANT WIND DIRECTION   N (360)
  HIGHEST WIND SPEED    21   HIGHEST WIND DIRECTION     N (20)
  HIGHEST GUST SPEED    25   HIGHEST GUST DIRECTION     N (20)


SKY COVER
  POSSIBLE SUNSHINE  MM
  AVERAGE SKY COVER 0.0


WEATHER CONDITIONS
 THE FOLLOWING WEATHER WAS RECORDED YESTERDAY.
  NO SIGNIFICANT WEATHER WAS OBSERVED.


RELATIVE HUMIDITY (PERCENT)
 HIGHEST    60
 LOWEST     16
 AVERAGE    38

..........................................................


THE REDDING AIRPORT CA CLIMATE NORMALS FOR TODAY
                         NORMAL    RECORD    YEAR
 MAXIMUM TEMPERATURE (F)   74        92      2013
                                             2006
 MINIMUM TEMPERATURE (F)   49        40      2010


SUNRISE AND SUNSET
APRIL 28 2015.........SUNRISE   612 AM PDT   SUNSET   802 PM PDT
APRIL 29 2015.........SUNRISE   611 AM PDT   SUNSET   803 PM PDT


-  INDICATES NEGATIVE NUMBERS.
R  INDICATES RECORD WAS SET OR TIED.
MM INDICATES DATA IS MISSING.
T  INDICATES TRACE AMOUNT.


&&
....................................................................

REDDING CITY CLIMATE DATA FOR APRIL 27

CLIMATE RECORD PERIOD 1897-1986

RECORD HIGH..............     97 IN 1926
RECORD LOW...............     34 IN 1970

RECORD RAINFALL..........   2.74 IN 1904

$$
