000
CDUS43 KGRB 250658
CLIRHI


CLIMATE REPORT
NATIONAL WEATHER SERVICE GREEN BAY
157 AM CDT SAT APR 25 2015


...................................

...THE RHINELANDER WI CLIMATE SUMMARY FOR APRIL 24 2015...

CLIMATE NORMAL PERIOD 1981 TO 2010
CLIMATE RECORD PERIOD 1908 TO 2015


WEATHER ITEM   OBSERVED TIME   RECORD YEAR NORMAL DEPARTURE LAST
                VALUE   (LST)  VALUE       VALUE  FROM      YEAR
                                                  NORMAL
..................................................................
TEMPERATURE (F)
 YESTERDAY
  MAXIMUM         47   1201 PM  85    1915  58    -11       40
  MINIMUM         22    357 AM  15    1909  33    -11       32
  AVERAGE         35                        46    -11       36

PRECIPITATION (IN)
  YESTERDAY        T             1.13 2009   0.10  -0.10     0.60
  MONTH TO DATE    3.25                      1.98   1.27     3.68
  SINCE MAR 1      4.02                      3.55   0.47     4.44
  SINCE JAN 1      4.91                      5.59  -0.68     7.05

SNOWFALL (IN)
  YESTERDAY        0.0           1.4  2014  MM     MM        1.4
  MONTH TO DATE   13.9                      MM     MM       27.1
  SINCE MAR 1     20.4                      MM     MM       36.7
  SINCE JUL 1     89.3                      MM     MM      109.2
  SNOW DEPTH       0

DEGREE DAYS
 HEATING
  YESTERDAY       30                        20     10       29
  MONTH TO DATE  568                       594    -26      743
  SINCE MAR 1   1698                      1767    -69     2182
  SINCE JUL 1   9039                      8389    650     9811

 COOLING
  YESTERDAY        0                         0      0        0
  MONTH TO DATE    0                         0      0        0
  SINCE MAR 1      0                         0      0        0
  SINCE JAN 1      0                         0      0        0
..................................................................


WIND (MPH)
  HIGHEST WIND SPEED    15   HIGHEST WIND DIRECTION     E (110)
  HIGHEST GUST SPEED    19   HIGHEST GUST DIRECTION     E (110)
  AVERAGE WIND SPEED     5.6


SKY COVER
  POSSIBLE SUNSHINE  MM
  AVERAGE SKY COVER 0.7


WEATHER CONDITIONS
 THE FOLLOWING WEATHER WAS RECORDED YESTERDAY.
  LIGHT RAIN


RELATIVE HUMIDITY (PERCENT)
 HIGHEST   100           400 AM
 LOWEST     28          1100 AM
 AVERAGE    64

..........................................................


THE RHINELANDER WI CLIMATE NORMALS FOR TODAY
                         NORMAL    RECORD    YEAR
 MAXIMUM TEMPERATURE (F)   58        84      1990
 MINIMUM TEMPERATURE (F)   34        19      1972
                                             1926


SUNRISE AND SUNSET
APRIL 25 2015.........SUNRISE   555 AM CDT   SUNSET   757 PM CDT
APRIL 26 2015.........SUNRISE   554 AM CDT   SUNSET   758 PM CDT


-  INDICATES NEGATIVE NUMBERS.
R  INDICATES RECORD WAS SET OR TIED.
MM INDICATES DATA IS MISSING.
T  INDICATES TRACE AMOUNT.




$$
