000
CDUS41 KRNK 050602
CLIRNK


CLIMATE REPORT
NATIONAL WEATHER SERVICE BLACKSBURG VA
157 AM EDT TUE MAY 5 2015


...................................

...THE BLACKSBURG VA CLIMATE SUMMARY FOR MAY 4 2015...

CLIMATE NORMAL PERIOD 1981 TO 2010
CLIMATE RECORD PERIOD 1952 TO 2015


WEATHER ITEM   OBSERVED TIME   RECORD YEAR NORMAL DEPARTURE LAST
                VALUE   (LST)  VALUE       VALUE  FROM      YEAR
                                                  NORMAL
..................................................................
TEMPERATURE (F)
 YESTERDAY
  MAXIMUM         78        MM  85    1959  69      9       77
  MINIMUM         45        MM  28    1986  43      2       49
  AVERAGE         62                        56      6       63

PRECIPITATION (IN)
  YESTERDAY        0.00          0.96 1998   0.12  -0.12     0.00
  MONTH TO DATE    0.91                      0.49   0.42     0.00
  SINCE MAR 1     10.78                      7.61   3.17     6.52
  SINCE JAN 1     14.20                     13.50   0.70    12.15

SNOWFALL (IN)
  YESTERDAY        0.0
  MONTH TO DATE    0.0
  SINCE MAR 1      4.4
  SINCE JUL 1     27.8
  SNOW DEPTH       0

DEGREE DAYS
 HEATING
  YESTERDAY        3                         9     -6        2
  MONTH TO DATE   38                        38      0       29
  SINCE MAR 1   1043                      1195   -152     1181
  SINCE JUL 1   5169                      5243    -74     5362

 COOLING
  YESTERDAY        0                         0      0        0
  MONTH TO DATE    0                         0      0        0
  SINCE MAR 1      0                         3     -3        0
  SINCE JAN 1      0                         3     -3        0
..................................................................


WIND (MPH)
  HIGHEST WIND SPEED     9   HIGHEST WIND DIRECTION     S (190)
  HIGHEST GUST SPEED    MM   HIGHEST GUST DIRECTION    MM
  AVERAGE WIND SPEED     2.7


SKY COVER
  POSSIBLE SUNSHINE  MM
  AVERAGE SKY COVER 0.2


WEATHER CONDITIONS
 THE FOLLOWING WEATHER WAS RECORDED YESTERDAY.
  NO SIGNIFICANT WEATHER WAS OBSERVED.


RELATIVE HUMIDITY (PERCENT)
 HIGHEST    92           500 AM
 LOWEST     32           300 PM
 AVERAGE    62

..........................................................


THE BLACKSBURG VA CLIMATE NORMALS FOR TODAY
                         NORMAL    RECORD    YEAR
 MAXIMUM TEMPERATURE (F)   69        85      1955
 MINIMUM TEMPERATURE (F)   44        23      1973


SUNRISE AND SUNSET
MAY  5 2015...........SUNRISE   623 AM EDT   SUNSET   814 PM EDT
MAY  6 2015...........SUNRISE   622 AM EDT   SUNSET   815 PM EDT


-  INDICATES NEGATIVE NUMBERS.
R  INDICATES RECORD WAS SET OR TIED.
MM INDICATES DATA IS MISSING.
T  INDICATES TRACE AMOUNT.

$$
RCS
